Last updated on 2025-11-01 00:49:55 CET.
| Flavor | Version | Tinstall | Tcheck | Ttotal | Status | Flags |
|---|---|---|---|---|---|---|
| r-devel-linux-x86_64-debian-clang | 0.1.0 | 4.18 | 35.14 | 39.32 | NOTE | |
| r-devel-linux-x86_64-debian-gcc | 0.1.0 | 2.13 | 26.06 | 28.19 | NOTE | |
| r-devel-linux-x86_64-fedora-clang | 0.1.0 | 17.00 | 44.21 | 61.21 | NOTE | |
| r-devel-linux-x86_64-fedora-gcc | 0.1.0 | 56.80 | NOTE | |||
| r-devel-windows-x86_64 | 0.1.0 | 5.00 | 48.00 | 53.00 | NOTE | |
| r-patched-linux-x86_64 | 0.1.0 | 3.25 | 33.22 | 36.47 | NOTE | |
| r-release-linux-x86_64 | 0.1.0 | 3.62 | 33.29 | 36.91 | NOTE | |
| r-release-macos-arm64 | 0.1.0 | 2.00 | 28.00 | 30.00 | NOTE | |
| r-release-macos-x86_64 | 0.1.0 | 3.00 | 31.00 | 34.00 | NOTE | |
| r-release-windows-x86_64 | 0.1.0 | 6.00 | 51.00 | 57.00 | NOTE | |
| r-oldrel-macos-arm64 | 0.1.0 | 2.00 | 20.00 | 22.00 | OK | |
| r-oldrel-macos-x86_64 | 0.1.0 | 5.00 | 40.00 | 45.00 | OK | |
| r-oldrel-windows-x86_64 | 0.1.0 | 6.00 | 62.00 | 68.00 | OK |
Version: 0.1.0
Check: DESCRIPTION meta-information
Result: NOTE
Missing dependency on R >= 4.1.0 because package code uses the pipe
|> or function shorthand \(...) syntax added in R 4.1.0.
File(s) using such syntax:
‘compute_cluster_composition.R’ ‘extract_ids_vector.R’
‘perform_clustering.R’
Flavors: r-devel-linux-x86_64-debian-clang, r-devel-linux-x86_64-debian-gcc, r-devel-linux-x86_64-fedora-clang, r-devel-linux-x86_64-fedora-gcc, r-devel-windows-x86_64, r-patched-linux-x86_64, r-release-linux-x86_64, r-release-macos-arm64, r-release-macos-x86_64, r-release-windows-x86_64