Last updated on 2025-10-31 00:50:59 CET.
| Flavor | Version | Tinstall | Tcheck | Ttotal | Status | Flags | 
|---|---|---|---|---|---|---|
| r-devel-linux-x86_64-debian-clang | 2.1.1 | 14.29 | 145.28 | 159.57 | NOTE | |
| r-devel-linux-x86_64-debian-gcc | 2.1.1 | 11.26 | 101.20 | 112.46 | NOTE | |
| r-devel-linux-x86_64-fedora-clang | 2.1.1 | 31.00 | 217.18 | 248.18 | OK | |
| r-devel-linux-x86_64-fedora-gcc | 2.1.1 | 29.00 | 206.92 | 235.92 | OK | |
| r-devel-windows-x86_64 | 2.1.1 | 18.00 | 140.00 | 158.00 | OK | |
| r-patched-linux-x86_64 | 2.1.1 | 15.99 | 133.53 | 149.52 | OK | |
| r-release-linux-x86_64 | 2.1.1 | 14.09 | 134.99 | 149.08 | OK | |
| r-release-macos-arm64 | 2.1.1 | 9.00 | 89.00 | 98.00 | OK | |
| r-release-macos-x86_64 | 2.1.1 | 13.00 | 118.00 | 131.00 | OK | |
| r-release-windows-x86_64 | 2.1.1 | 16.00 | 142.00 | 158.00 | OK | |
| r-oldrel-macos-arm64 | 2.1.1 | 6.00 | 57.00 | 63.00 | OK | |
| r-oldrel-macos-x86_64 | 2.1.1 | 11.00 | 98.00 | 109.00 | OK | |
| r-oldrel-windows-x86_64 | 2.1.1 | 23.00 | 206.00 | 229.00 | OK | 
Version: 2.1.1
Check: CRAN incoming feasibility
Result: NOTE
  Maintainer: ‘Anton Strezhnev <astrezhnev@uchicago.edu>’
  
  No Authors@R field in DESCRIPTION.
  Please add one, modifying
    Authors@R: c(person(given = "Soubhik",
                        family = "Barari",
                        role = "aut"),
                 person(given = "Elissa",
                        family = "Berwick",
                        role = "aut"),
                 person(given = "Jens",
                        family = "Hainmueller",
                        role = "aut"),
                 person(given = "Daniel",
                        family = "Hopkins",
                        role = "aut"),
                 person(given = "Sean",
                        family = "Liu",
                        role = "aut"),
                 person(given = "Anton",
                        family = "Strezhnev",
                        role = c("aut", "cre"),
                        email = "astrezhnev@uchicago.edu"),
                 person(given = "Teppei",
                        family = "Yamamoto",
                        role = "aut"))
  as necessary.
Flavors: r-devel-linux-x86_64-debian-clang, r-devel-linux-x86_64-debian-gcc