Last updated on 2025-10-31 00:50:59 CET.
| Flavor | Version | Tinstall | Tcheck | Ttotal | Status | Flags | 
|---|---|---|---|---|---|---|
| r-devel-linux-x86_64-debian-clang | 1.1.1 | 4.95 | 62.41 | 67.36 | NOTE | |
| r-devel-linux-x86_64-debian-gcc | 1.1.1 | 3.55 | 44.82 | 48.37 | NOTE | |
| r-devel-linux-x86_64-fedora-clang | 1.1.1 | 10.00 | 85.06 | 95.06 | OK | |
| r-devel-linux-x86_64-fedora-gcc | 1.1.1 | 91.55 | OK | |||
| r-devel-windows-x86_64 | 1.1.1 | 8.00 | 72.00 | 80.00 | OK | |
| r-patched-linux-x86_64 | 1.1.1 | 4.65 | 58.62 | 63.27 | OK | |
| r-release-linux-x86_64 | 1.1.1 | 5.05 | 58.12 | 63.17 | OK | |
| r-release-macos-arm64 | 1.1.1 | 3.00 | 29.00 | 32.00 | OK | |
| r-release-macos-x86_64 | 1.1.1 | 4.00 | 42.00 | 46.00 | OK | |
| r-release-windows-x86_64 | 1.1.1 | 8.00 | 75.00 | 83.00 | OK | |
| r-oldrel-macos-arm64 | 1.1.1 | 2.00 | 25.00 | 27.00 | NOTE | |
| r-oldrel-macos-x86_64 | 1.1.1 | 3.00 | 37.00 | 40.00 | NOTE | |
| r-oldrel-windows-x86_64 | 1.1.1 | 11.00 | 88.00 | 99.00 | NOTE | 
Version: 1.1.1
Check: CRAN incoming feasibility
Result: NOTE
  Maintainer: ‘Ari Lamstein <ari@lamsteinconsulting.com>’
  
  No Authors@R field in DESCRIPTION.
  Please add one, modifying
    Authors@R: person(given = "Ari",
                      family = "Lamstein",
                      role = c("aut", "cre"),
                      email = "ari@lamsteinconsulting.com")
  as necessary.
Flavors: r-devel-linux-x86_64-debian-clang, r-devel-linux-x86_64-debian-gcc
Version: 1.1.1
Check: installed package size
Result: NOTE
    installed size is 18.0Mb
    sub-directories of 1Mb or more:
      data  17.9Mb
Flavors: r-oldrel-macos-arm64, r-oldrel-macos-x86_64, r-oldrel-windows-x86_64