Last updated on 2025-02-22 00:49:41 CET.
Flavor | Version | Tinstall | Tcheck | Ttotal | Status | Flags |
---|---|---|---|---|---|---|
r-devel-linux-x86_64-debian-clang | 1.0 | 13.32 | 92.76 | 106.08 | OK | |
r-devel-linux-x86_64-debian-gcc | 1.0 | 8.64 | 65.32 | 73.96 | OK | |
r-devel-linux-x86_64-fedora-clang | 1.0 | 162.82 | OK | |||
r-devel-linux-x86_64-fedora-gcc | 1.0 | 156.13 | OK | |||
r-devel-macos-arm64 | 1.0 | 48.00 | OK | |||
r-devel-macos-x86_64 | 1.0 | 87.00 | OK | |||
r-devel-windows-x86_64 | 1.0 | 14.00 | 98.00 | 112.00 | OK | |
r-patched-linux-x86_64 | 1.0 | 12.15 | 85.11 | 97.26 | OK | |
r-release-linux-x86_64 | 1.0 | 11.62 | 85.09 | 96.71 | OK | |
r-release-macos-arm64 | 1.0 | 11.00 | ERROR | |||
r-release-macos-x86_64 | 1.0 | 106.00 | OK | |||
r-release-windows-x86_64 | 1.0 | 14.00 | 98.00 | 112.00 | OK | |
r-oldrel-macos-x86_64 | 1.0 | 79.00 | OK | |||
r-oldrel-windows-x86_64 | 1.0 | 19.00 | 116.00 | 135.00 | OK |
Version: 1.0
Check: whether package can be installed
Result: ERROR
Installation failed.
Flavor: r-release-macos-arm64