Last updated on 2025-02-22 00:49:41 CET.
Flavor | Version | Tinstall | Tcheck | Ttotal | Status | Flags |
---|---|---|---|---|---|---|
r-devel-linux-x86_64-debian-clang | 1.0.1 | 9.23 | 122.17 | 131.40 | NOTE | |
r-devel-linux-x86_64-debian-gcc | 1.0.1 | 6.69 | 88.16 | 94.85 | NOTE | |
r-devel-linux-x86_64-fedora-clang | 1.0.1 | 217.08 | OK | |||
r-devel-linux-x86_64-fedora-gcc | 1.0.1 | 205.96 | OK | |||
r-devel-macos-arm64 | 1.0.1 | 54.00 | OK | |||
r-devel-macos-x86_64 | 1.0.1 | 126.00 | OK | |||
r-devel-windows-x86_64 | 1.0.1 | 12.00 | 121.00 | 133.00 | NOTE | |
r-patched-linux-x86_64 | 1.0.1 | 14.71 | 115.64 | 130.35 | OK | |
r-release-linux-x86_64 | 1.0.1 | 9.19 | 114.74 | 123.93 | OK | |
r-release-macos-arm64 | 1.0.1 | 64.00 | OK | |||
r-release-macos-x86_64 | 1.0.1 | 104.00 | OK | |||
r-release-windows-x86_64 | 1.0.1 | 13.00 | 123.00 | 136.00 | OK | |
r-oldrel-macos-arm64 | 1.0.1 | 89.00 | OK | |||
r-oldrel-macos-x86_64 | 1.0.1 | 182.00 | OK | |||
r-oldrel-windows-x86_64 | 1.0.1 | 14.00 | 153.00 | 167.00 | OK |
Version: 1.0.1
Check: Rd cross-references
Result: NOTE
Found the following Rd file(s) with Rd \link{} targets missing package
anchors:
boot.cgaim.Rd: doParallel
Please provide package anchors for all Rd \link{} targets not in the
package itself and the base packages.
Flavors: r-devel-linux-x86_64-debian-clang, r-devel-linux-x86_64-debian-gcc, r-devel-windows-x86_64