CRAN Package Check Results for Package cforward

Last updated on 2025-02-22 00:49:41 CET.

Flavor Version Tinstall Tcheck Ttotal Status Flags
r-devel-linux-x86_64-debian-clang 0.1.0 1.80 39.25 41.05 NOTE
r-devel-linux-x86_64-debian-gcc 0.1.0 1.53 29.24 30.77 NOTE
r-devel-linux-x86_64-fedora-clang 0.1.0 64.83 OK
r-devel-linux-x86_64-fedora-gcc 0.1.0 64.59 OK
r-devel-macos-arm64 0.1.0 25.00 OK
r-devel-macos-x86_64 0.1.0 46.00 OK
r-devel-windows-x86_64 0.1.0 3.00 62.00 65.00 NOTE
r-patched-linux-x86_64 0.1.0 2.01 37.52 39.53 OK
r-release-linux-x86_64 0.1.0 1.87 37.23 39.10 OK
r-release-macos-arm64 0.1.0 24.00 OK
r-release-macos-x86_64 0.1.0 35.00 OK
r-release-windows-x86_64 0.1.0 4.00 59.00 63.00 OK
r-oldrel-macos-arm64 0.1.0 27.00 OK
r-oldrel-macos-x86_64 0.1.0 38.00 OK
r-oldrel-windows-x86_64 0.1.0 4.00 68.00 72.00 OK

Check Details

Version: 0.1.0
Check: Rd cross-references
Result: NOTE Found the following Rd file(s) with Rd \link{} targets missing package anchors: cforward.Rd: Surv, concordancefit, coxph estimate_concordance.Rd: Surv, concordancefit, coxph Please provide package anchors for all Rd \link{} targets not in the package itself and the base packages. Flavors: r-devel-linux-x86_64-debian-clang, r-devel-linux-x86_64-debian-gcc, r-devel-windows-x86_64