Last updated on 2025-02-22 00:49:41 CET.
Flavor | Version | Tinstall | Tcheck | Ttotal | Status | Flags |
---|---|---|---|---|---|---|
r-devel-linux-x86_64-debian-clang | 1.0.2 | 53.74 | 127.43 | 181.17 | OK | |
r-devel-linux-x86_64-debian-gcc | 1.0.2 | 38.36 | 91.27 | 129.63 | OK | |
r-devel-linux-x86_64-fedora-clang | 1.0.2 | 280.52 | ERROR | |||
r-devel-linux-x86_64-fedora-gcc | 1.0.2 | 290.08 | ERROR | |||
r-devel-macos-arm64 | 1.0.2 | 110.00 | OK | |||
r-devel-macos-x86_64 | 1.0.2 | 187.00 | OK | |||
r-devel-windows-x86_64 | 1.0.2 | 51.00 | 129.00 | 180.00 | OK | |
r-patched-linux-x86_64 | 1.0.2 | 56.21 | 118.84 | 175.05 | OK | |
r-release-linux-x86_64 | 1.0.2 | 50.44 | 116.90 | 167.34 | OK | |
r-release-macos-arm64 | 1.0.2 | 112.00 | NOTE | |||
r-release-macos-x86_64 | 1.0.2 | 147.00 | NOTE | |||
r-release-windows-x86_64 | 1.0.2 | 50.00 | 129.00 | 179.00 | OK | |
r-oldrel-macos-arm64 | 1.0.2 | 108.00 | NOTE | |||
r-oldrel-macos-x86_64 | 1.0.2 | 383.00 | NOTE | |||
r-oldrel-windows-x86_64 | 1.0.2 | 75.00 | 179.00 | 254.00 | OK |
Version: 1.0.2
Check: examples
Result: ERROR
Running examples in ‘cellKey-Ex.R’ failed
The error most likely occurred in:
> ### Name: ck_params_nums
> ### Title: Set perturbation parameters for continuous variables
> ### Aliases: ck_params_nums
>
> ### ** Examples
>
> # create a perturbation table using
> # functionality from ptable-pkg; see help(pa = "ptable")
> # this returns an extra ptable for very small cells
> ptab <- ptable::pt_ex_nums(separation = TRUE)
Error: nlopt_add_equality_mconstraint returned NLOPT_INVALID_ARGS.
Error: The ptable can't be calculated without a violation of the constraints. The combination of the input parameters you set (e.g. D=5, V=1, js=0 or pstay) doesn't work. Please try another specification: either change the arguments 'mono=' or 'optim=' or try to use a different combination of input parameters (hint: changing the variance is sufficient in most cases).
Execution halted
Flavors: r-devel-linux-x86_64-fedora-clang, r-devel-linux-x86_64-fedora-gcc
Version: 1.0.2
Check: installed package size
Result: NOTE
installed size is 5.9Mb
sub-directories of 1Mb or more:
data 5.5Mb
Flavors: r-release-macos-arm64, r-release-macos-x86_64, r-oldrel-macos-arm64, r-oldrel-macos-x86_64