Last updated on 2025-10-31 00:50:59 CET.
| Flavor | Version | Tinstall | Tcheck | Ttotal | Status | Flags | 
|---|---|---|---|---|---|---|
| r-devel-linux-x86_64-debian-clang | 1.3.0 | 11.42 | 163.11 | 174.53 | NOTE | |
| r-devel-linux-x86_64-debian-gcc | 1.3.0 | 8.58 | 111.88 | 120.46 | NOTE | |
| r-devel-linux-x86_64-fedora-clang | 1.3.0 | 28.00 | 231.55 | 259.55 | NOTE | |
| r-devel-linux-x86_64-fedora-gcc | 1.3.0 | 27.00 | 229.67 | 256.67 | NOTE | |
| r-devel-windows-x86_64 | 1.3.0 | 14.00 | 137.00 | 151.00 | NOTE | |
| r-patched-linux-x86_64 | 1.3.0 | 10.17 | 147.38 | 157.55 | NOTE | |
| r-release-linux-x86_64 | 1.3.0 | 11.23 | 143.09 | 154.32 | NOTE | |
| r-release-macos-arm64 | 1.3.0 | 6.00 | 69.00 | 75.00 | NOTE | |
| r-release-macos-x86_64 | 1.3.0 | 9.00 | 117.00 | 126.00 | NOTE | |
| r-release-windows-x86_64 | 1.3.0 | 15.00 | 139.00 | 154.00 | NOTE | |
| r-oldrel-macos-arm64 | 1.3.0 | 5.00 | 69.00 | 74.00 | OK | |
| r-oldrel-macos-x86_64 | 1.3.0 | 10.00 | 113.00 | 123.00 | OK | |
| r-oldrel-windows-x86_64 | 1.3.0 | 17.00 | 177.00 | 194.00 | ERROR | 
Version: 1.3.0
Check: DESCRIPTION meta-information
Result: NOTE
    Missing dependency on R >= 4.1.0 because package code uses the pipe
    |> or function shorthand \(...) syntax added in R 4.1.0.
    File(s) using such syntax:
      ‘atp_plot.Rd’ ‘bioscope_plot.Rd’ ‘energetics_lme_summary.Rd’
      ‘energetics_ols_summary.Rd’ ‘fit_lme.Rd’ ‘get_energetics.Rd’
      ‘get_energetics_summary.Rd’ ‘get_rate_summary.Rd’
      ‘make_bioscope_plot.Rd’ ‘normalize.Rd’ ‘partition_data.Rd’
      ‘pipelines.r’ ‘rate_plot.R’ ‘rate_plot.Rd’ ‘rates_lme_summary.Rd’
      ‘read_data.Rd’
Flavors: r-devel-linux-x86_64-debian-clang, r-devel-linux-x86_64-debian-gcc, r-devel-linux-x86_64-fedora-clang, r-devel-linux-x86_64-fedora-gcc, r-devel-windows-x86_64, r-patched-linux-x86_64, r-release-linux-x86_64, r-release-macos-arm64, r-release-macos-x86_64, r-release-windows-x86_64
Version: 1.3.0
Check: re-building of vignette outputs
Result: ERROR
  Error(s) in re-building vignettes:
  --- re-building 'atp_calculation.Rmd' using rmarkdown
  File mito_glyco_tests.png not found in resource path
  Error: processing vignette 'atp_calculation.Rmd' failed with diagnostics:
  pandoc document conversion failed with error 99
  --- failed re-building 'atp_calculation.Rmd'
  
  --- re-building 'ceas.Rmd' using rmarkdown
  --- finished re-building 'ceas.Rmd'
  
  SUMMARY: processing the following file failed:
    'atp_calculation.Rmd'
  
  Error: Vignette re-building failed.
  Execution halted
Flavor: r-oldrel-windows-x86_64