Last updated on 2025-10-31 00:50:59 CET.
| Flavor | Version | Tinstall | Tcheck | Ttotal | Status | Flags | 
|---|---|---|---|---|---|---|
| r-devel-linux-x86_64-debian-clang | 1.1.1 | 1.88 | 36.72 | 38.60 | NOTE | |
| r-devel-linux-x86_64-debian-gcc | 1.1.1 | 1.56 | 26.80 | 28.36 | NOTE | |
| r-devel-linux-x86_64-fedora-clang | 1.1.1 | 59.72 | OK | |||
| r-devel-linux-x86_64-fedora-gcc | 1.1.1 | 60.06 | OK | |||
| r-devel-windows-x86_64 | 1.1.1 | 3.00 | 52.00 | 55.00 | OK | |
| r-patched-linux-x86_64 | 1.1.1 | 1.94 | 34.31 | 36.25 | OK | |
| r-release-linux-x86_64 | 1.1.1 | 1.79 | 34.48 | 36.27 | OK | |
| r-release-macos-arm64 | 1.1.1 | 1.00 | 19.00 | 20.00 | OK | |
| r-release-macos-x86_64 | 1.1.1 | 2.00 | 38.00 | 40.00 | OK | |
| r-release-windows-x86_64 | 1.1.1 | 3.00 | 53.00 | 56.00 | OK | |
| r-oldrel-macos-arm64 | 1.1.1 | 1.00 | 22.00 | 23.00 | OK | |
| r-oldrel-macos-x86_64 | 1.1.1 | 2.00 | 43.00 | 45.00 | OK | |
| r-oldrel-windows-x86_64 | 1.1.1 | 3.00 | 65.00 | 68.00 | OK | 
Version: 1.1.1
Check: CRAN incoming feasibility
Result: NOTE
  Maintainer: ‘Solt Kovacs <ccda@caesar.elte.hu>’
  
  No Authors@R field in DESCRIPTION.
  Please add one, modifying
    Authors@R: c(person(given = "Solt",
                        family = "Kovacs",
                        role = c("aut", "cre"),
                        email = "ccda@caesar.elte.hu"),
                 person(given = "Jozsef",
                        family = "Kovacs",
                        role = "aut"),
                 person(given = "Peter",
                        family = "Tanos",
                        role = "aut"))
  as necessary.
Flavors: r-devel-linux-x86_64-debian-clang, r-devel-linux-x86_64-debian-gcc