Last updated on 2025-10-31 00:50:59 CET.
| Flavor | Version | Tinstall | Tcheck | Ttotal | Status | Flags | 
|---|---|---|---|---|---|---|
| r-devel-linux-x86_64-debian-clang | 1.4.3 | 7.66 | 76.61 | 84.27 | NOTE | |
| r-devel-linux-x86_64-debian-gcc | 1.4.3 | 5.05 | 52.16 | 57.21 | NOTE | |
| r-devel-linux-x86_64-fedora-clang | 1.4.3 | 19.00 | 102.34 | 121.34 | OK | |
| r-devel-linux-x86_64-fedora-gcc | 1.4.3 | 29.00 | 85.54 | 114.54 | OK | |
| r-devel-windows-x86_64 | 1.4.3 | 8.00 | 76.00 | 84.00 | OK | |
| r-patched-linux-x86_64 | 1.4.3 | 7.51 | 65.03 | 72.54 | OK | |
| r-release-linux-x86_64 | 1.4.3 | 6.82 | 65.24 | 72.06 | OK | |
| r-release-macos-arm64 | 1.4.3 | 4.00 | 34.00 | 38.00 | OK | |
| r-release-macos-x86_64 | 1.4.3 | 7.00 | 61.00 | 68.00 | OK | |
| r-release-windows-x86_64 | 1.4.3 | 8.00 | 79.00 | 87.00 | OK | |
| r-oldrel-macos-arm64 | 1.4.3 | 3.00 | 32.00 | 35.00 | OK | |
| r-oldrel-macos-x86_64 | 1.4.3 | 5.00 | 48.00 | 53.00 | OK | |
| r-oldrel-windows-x86_64 | 1.4.3 | 11.00 | 96.00 | 107.00 | OK | 
Version: 1.4.3
Check: CRAN incoming feasibility
Result: NOTE
  Maintainer: ‘Juraj Szitas <szitas.juraj13@gmail.com>’
  
  The Description field contains
    Hadad, Athey, Wager (2019) <arXiv:1908.09874>, particularly their mean,
  Please refer to arXiv e-prints via their arXiv DOI <doi:10.48550/arXiv.YYMM.NNNNN>.
Flavors: r-devel-linux-x86_64-debian-clang, r-devel-linux-x86_64-debian-gcc