Last updated on 2025-10-31 00:50:59 CET.
| Flavor | Version | Tinstall | Tcheck | Ttotal | Status | Flags | 
|---|---|---|---|---|---|---|
| r-devel-linux-x86_64-debian-clang | 1.0.1 | 8.39 | 57.33 | 65.72 | NOTE | |
| r-devel-linux-x86_64-debian-gcc | 1.0.1 | 6.14 | 43.72 | 49.86 | NOTE | |
| r-devel-linux-x86_64-fedora-clang | 1.0.1 | 18.00 | 81.86 | 99.86 | OK | |
| r-devel-linux-x86_64-fedora-gcc | 1.0.1 | 18.00 | 81.83 | 99.83 | OK | |
| r-devel-windows-x86_64 | 1.0.1 | 11.00 | 71.00 | 82.00 | OK | |
| r-patched-linux-x86_64 | 1.0.1 | 8.59 | 54.92 | 63.51 | OK | |
| r-release-linux-x86_64 | 1.0.1 | 8.46 | 54.75 | 63.21 | OK | |
| r-release-macos-arm64 | 1.0.1 | 7.00 | 32.00 | 39.00 | OK | |
| r-release-macos-x86_64 | 1.0.1 | 11.00 | 55.00 | 66.00 | OK | |
| r-release-windows-x86_64 | 1.0.1 | 13.00 | 75.00 | 88.00 | OK | |
| r-oldrel-macos-arm64 | 1.0.1 | 6.00 | 26.00 | 32.00 | OK | |
| r-oldrel-macos-x86_64 | 1.0.1 | 12.00 | 63.00 | 75.00 | OK | |
| r-oldrel-windows-x86_64 | 1.0.1 | 15.00 | 88.00 | 103.00 | OK | 
Version: 1.0.1
Check: CRAN incoming feasibility
Result: NOTE
  Maintainer: ‘Yuqing Pan <yuqing.pan@stat.fsu.edu>’
  
  No Authors@R field in DESCRIPTION.
  Please add one, modifying
    Authors@R: c(person(given = "Yuqing",
                        family = "Pan",
                        role = c("aut", "cre"),
                        email = "yuqing.pan@stat.fsu.edu"),
                 person(given = "Qing",
                        family = "Mai",
                        role = "aut",
                        email = "mai@stat.fsu.edu"),
                 person(given = "Xin",
                        family = "Zhang",
                        role = "aut",
                        email = "henry@stat.fsu.edu"))
  as necessary.
  
  The Description field contains
    (2018) <arXiv:1805.04421>. The low-dimensional covariates and the
  Please refer to arXiv e-prints via their arXiv DOI <doi:10.48550/arXiv.YYMM.NNNNN>.
Flavors: r-devel-linux-x86_64-debian-clang, r-devel-linux-x86_64-debian-gcc