Last updated on 2024-05-23 01:57:50 CEST.
Flavor | Version | Tinstall | Tcheck | Ttotal | Status | Flags |
---|---|---|---|---|---|---|
r-devel-linux-x86_64-debian-clang | 0.6.0 | 3.72 | 29.15 | 32.87 | NOTE | |
r-devel-linux-x86_64-debian-gcc | 0.6.0 | 2.74 | 22.27 | 25.01 | NOTE | |
r-devel-linux-x86_64-fedora-clang | 0.6.0 | 45.26 | NOTE | |||
r-devel-linux-x86_64-fedora-gcc | 0.6.0 | 38.01 | NOTE | |||
r-devel-windows-x86_64 | 0.6.0 | 4.00 | 44.00 | 48.00 | NOTE | |
r-patched-linux-x86_64 | 0.6.0 | 3.15 | 28.22 | 31.37 | NOTE | |
r-release-linux-x86_64 | 0.6.0 | 2.96 | 27.96 | 30.92 | NOTE | |
r-release-macos-arm64 | 0.6.0 | 20.00 | NOTE | |||
r-release-windows-x86_64 | 0.6.0 | 4.00 | 45.00 | 49.00 | NOTE | |
r-oldrel-macos-arm64 | 0.6.0 | 20.00 | NOTE | |||
r-oldrel-macos-x86_64 | 0.6.0 | 24.00 | NOTE | |||
r-oldrel-windows-x86_64 | 0.6.0 | 5.00 | 47.00 | 52.00 | NOTE |
Version: 0.6.0
Check: LazyData
Result: NOTE
'LazyData' is specified without a 'data' directory
Flavors: r-devel-linux-x86_64-debian-clang, r-devel-linux-x86_64-debian-gcc, r-devel-linux-x86_64-fedora-clang, r-devel-linux-x86_64-fedora-gcc, r-devel-windows-x86_64, r-patched-linux-x86_64, r-release-linux-x86_64, r-release-macos-arm64, r-release-windows-x86_64, r-oldrel-macos-arm64, r-oldrel-macos-x86_64, r-oldrel-windows-x86_64