Last updated on 2025-10-31 00:50:59 CET.
| Flavor | Version | Tinstall | Tcheck | Ttotal | Status | Flags | 
|---|---|---|---|---|---|---|
| r-devel-linux-x86_64-debian-clang | 0.1.0 | 1.73 | 27.54 | 29.27 | OK | |
| r-devel-linux-x86_64-debian-gcc | 0.1.0 | 1.51 | 22.78 | 24.29 | OK | |
| r-devel-linux-x86_64-fedora-clang | 0.1.0 | 43.73 | OK | |||
| r-devel-linux-x86_64-fedora-gcc | 0.1.0 | 55.66 | OK | |||
| r-devel-windows-x86_64 | 0.1.0 | 4.00 | 47.00 | 51.00 | OK | |
| r-patched-linux-x86_64 | 0.1.0 | 1.94 | 25.29 | 27.23 | OK | |
| r-release-linux-x86_64 | 0.1.0 | 1.93 | 24.92 | 26.85 | OK | |
| r-release-macos-arm64 | 0.1.0 | 1.00 | 65.00 | 66.00 | OK | |
| r-release-macos-x86_64 | 0.1.0 | 2.00 | 75.00 | 77.00 | OK | |
| r-release-windows-x86_64 | 0.1.0 | 4.00 | 48.00 | 52.00 | OK | |
| r-oldrel-macos-arm64 | 0.1.0 | 1.00 | 53.00 | 54.00 | NOTE | |
| r-oldrel-macos-x86_64 | 0.1.0 | 2.00 | 62.00 | 64.00 | NOTE | |
| r-oldrel-windows-x86_64 | 0.1.0 | 5.00 | 53.00 | 58.00 | NOTE | 
Version: 0.1.0
Check: LazyData
Result: NOTE
    'LazyData' is specified without a 'data' directory
Flavors: r-oldrel-macos-arm64, r-oldrel-macos-x86_64, r-oldrel-windows-x86_64