Last updated on 2024-08-25 02:48:19 CEST.
Flavor | Version | Tinstall | Tcheck | Ttotal | Status | Flags |
---|---|---|---|---|---|---|
r-devel-linux-x86_64-debian-clang | 0.5.0 | 15.89 | 146.95 | 162.84 | NOTE | |
r-devel-linux-x86_64-debian-gcc | 0.5.0 | 12.23 | 103.69 | 115.92 | NOTE | |
r-devel-linux-x86_64-fedora-clang | 0.5.0 | 262.11 | NOTE | |||
r-devel-linux-x86_64-fedora-gcc | 0.5.0 | 273.64 | NOTE | |||
r-devel-windows-x86_64 | 0.5.0 | 21.00 | 160.00 | 181.00 | NOTE | |
r-patched-linux-x86_64 | 0.5.0 | 23.20 | 139.45 | 162.65 | NOTE | |
r-release-linux-x86_64 | 0.5.0 | 17.46 | 138.76 | 156.22 | NOTE | |
r-release-macos-arm64 | 0.5.0 | 72.00 | NOTE | |||
r-release-macos-x86_64 | 0.5.0 | 111.00 | NOTE | |||
r-release-windows-x86_64 | 0.5.0 | 22.00 | 158.00 | 180.00 | NOTE | |
r-oldrel-macos-arm64 | 0.5.0 | 78.00 | OK | |||
r-oldrel-macos-x86_64 | 0.5.0 | 132.00 | OK | |||
r-oldrel-windows-x86_64 | 0.5.0 | 24.00 | 196.00 | 220.00 | OK |
Version: 0.5.0
Check: Rd files
Result: NOTE
checkRd: (-1) calculateEffects.Rd:24: Lost braces; missing escapes or markup?
24 | equals (I-B)^{-1}Gamma. The indirect effect equals the difference between
| ^
Flavors: r-devel-linux-x86_64-debian-clang, r-devel-linux-x86_64-debian-gcc, r-devel-linux-x86_64-fedora-clang, r-devel-linux-x86_64-fedora-gcc, r-devel-windows-x86_64, r-patched-linux-x86_64, r-release-linux-x86_64, r-release-macos-arm64, r-release-macos-x86_64, r-release-windows-x86_64
Version: 0.5.0
Check: package dependencies
Result: NOTE
Imports includes 21 non-default packages.
Importing from so many packages makes the package vulnerable to any of
them becoming unavailable. Move as many as possible to Suggests and
use conditionally.
Flavor: r-devel-linux-x86_64-fedora-clang
Version: 0.5.0
Check: dependencies in R code
Result: NOTE
Namespace in Imports field not imported from: ‘Rdpack’
All declared Imports should be used.
Flavors: r-devel-linux-x86_64-fedora-clang, r-devel-linux-x86_64-fedora-gcc