Last updated on 2025-10-31 00:50:59 CET.
| Flavor | Version | Tinstall | Tcheck | Ttotal | Status | Flags | 
|---|---|---|---|---|---|---|
| r-devel-linux-x86_64-debian-clang | 0.8.6 | 7.04 | 208.40 | 215.44 | OK | |
| r-devel-linux-x86_64-debian-gcc | 0.8.6 | 5.03 | 144.89 | 149.92 | OK | |
| r-devel-linux-x86_64-fedora-clang | 0.8.6 | 17.00 | 314.63 | 331.63 | OK | |
| r-devel-linux-x86_64-fedora-gcc | 0.8.6 | 15.00 | 315.54 | 330.54 | OK | |
| r-devel-windows-x86_64 | 0.8.6 | 9.00 | 273.00 | 282.00 | OK | |
| r-patched-linux-x86_64 | 0.8.6 | 8.06 | 202.48 | 210.54 | OK | |
| r-release-linux-x86_64 | 0.8.6 | 7.25 | 199.63 | 206.88 | OK | |
| r-release-macos-arm64 | 0.8.6 | 3.00 | 104.00 | 107.00 | ERROR | |
| r-release-macos-x86_64 | 0.8.6 | 9.00 | 219.00 | 228.00 | OK | |
| r-release-windows-x86_64 | 0.8.6 | 10.00 | 273.00 | 283.00 | OK | |
| r-oldrel-macos-arm64 | 0.8.6 | 3.00 | 99.00 | 102.00 | ERROR | |
| r-oldrel-macos-x86_64 | 0.8.6 | 4.00 | 140.00 | 144.00 | OK | |
| r-oldrel-windows-x86_64 | 0.8.6 | 13.00 | 308.00 | 321.00 | OK | 
Version: 0.8.6
Check: re-building of vignette outputs
Result: ERROR
  Error(s) in re-building vignettes:
  --- re-building ‘bunching_examples.Rmd’ using rmarkdown
  ! kpathsea: Running mktexpk --mfmode / --bdpi 600 --mag 1+0/600 --dpi 600 bbm10
  
  ! mkdir: ././opt/tex/texmf-var/fonts/pk/ljfour/public: Permission denied
  
  ! mktexpk: /opt/tex/texmf-dist/web2c/mktexdir /opt/tex/texmf-var/fonts/pk/ljfour/public/bbm failed.
  
  ! kpathsea: Appending font creation commands to missfont.log.
  
  Error: processing vignette 'bunching_examples.Rmd' failed with diagnostics:
  LaTeX failed to compile /Volumes/Builds/packages/big-sur-arm64/results/4.5/bunching.Rcheck/vign_test/bunching/vignettes/bunching_examples.tex. See https://yihui.org/tinytex/r/#debugging for debugging tips. See bunching_examples.log for more info.
  --- failed re-building ‘bunching_examples.Rmd’
  
  --- re-building ‘bunching_theory.Rmd’ using rmarkdown
  ! kpathsea: Running mktexpk --mfmode / --bdpi 600 --mag 1+0/600 --dpi 600 bbm10
  
  ! mkdir: ././opt/tex/texmf-var/fonts/pk/ljfour/public: Permission denied
  
  ! mktexpk: /opt/tex/texmf-dist/web2c/mktexdir /opt/tex/texmf-var/fonts/pk/ljfour/public/bbm failed.
  
  ! kpathsea: Appending font creation commands to missfont.log.
  
  Error: processing vignette 'bunching_theory.Rmd' failed with diagnostics:
  LaTeX failed to compile /Volumes/Builds/packages/big-sur-arm64/results/4.5/bunching.Rcheck/vign_test/bunching/vignettes/bunching_theory.tex. See https://yihui.org/tinytex/r/#debugging for debugging tips. See bunching_theory.log for more info.
  --- failed re-building ‘bunching_theory.Rmd’
  
  SUMMARY: processing the following files failed:
    ‘bunching_examples.Rmd’ ‘bunching_theory.Rmd’
  
  Error: Vignette re-building failed.
  Execution halted
Flavor: r-release-macos-arm64
Version: 0.8.6
Check: re-building of vignette outputs
Result: ERROR
  Error(s) in re-building vignettes:
  --- re-building ‘bunching_examples.Rmd’ using rmarkdown
  ! kpathsea: Running mktexpk --mfmode / --bdpi 600 --mag 1+0/600 --dpi 600 bbm10
  
  ! mkdir: ././opt/tex/texmf-var/fonts/pk/ljfour/public: Permission denied
  
  ! mktexpk: /opt/tex/texmf-dist/web2c/mktexdir /opt/tex/texmf-var/fonts/pk/ljfour/public/bbm failed.
  
  ! kpathsea: Appending font creation commands to missfont.log.
  
  Error: processing vignette 'bunching_examples.Rmd' failed with diagnostics:
  LaTeX failed to compile /Volumes/Builds/packages/big-sur-arm64/results/4.4/bunching.Rcheck/vign_test/bunching/vignettes/bunching_examples.tex. See https://yihui.org/tinytex/r/#debugging for debugging tips. See bunching_examples.log for more info.
  --- failed re-building ‘bunching_examples.Rmd’
  
  --- re-building ‘bunching_theory.Rmd’ using rmarkdown
  ! kpathsea: Running mktexpk --mfmode / --bdpi 600 --mag 1+0/600 --dpi 600 bbm10
  
  ! mkdir: ././opt/tex/texmf-var/fonts/pk/ljfour/public: Permission denied
  
  ! mktexpk: /opt/tex/texmf-dist/web2c/mktexdir /opt/tex/texmf-var/fonts/pk/ljfour/public/bbm failed.
  
  ! kpathsea: Appending font creation commands to missfont.log.
  
  Error: processing vignette 'bunching_theory.Rmd' failed with diagnostics:
  LaTeX failed to compile /Volumes/Builds/packages/big-sur-arm64/results/4.4/bunching.Rcheck/vign_test/bunching/vignettes/bunching_theory.tex. See https://yihui.org/tinytex/r/#debugging for debugging tips. See bunching_theory.log for more info.
  --- failed re-building ‘bunching_theory.Rmd’
  
  SUMMARY: processing the following files failed:
    ‘bunching_examples.Rmd’ ‘bunching_theory.Rmd’
  
  Error: Vignette re-building failed.
  Execution halted
Flavor: r-oldrel-macos-arm64