Last updated on 2025-10-31 00:50:59 CET.
| Flavor | Version | Tinstall | Tcheck | Ttotal | Status | Flags | 
|---|---|---|---|---|---|---|
| r-devel-linux-x86_64-debian-clang | 0.1.0 | 5.16 | 46.06 | 51.22 | NOTE | |
| r-devel-linux-x86_64-debian-gcc | 0.1.0 | 3.38 | 33.88 | 37.26 | NOTE | |
| r-devel-linux-x86_64-fedora-clang | 0.1.0 | 11.00 | 67.23 | 78.23 | NOTE | |
| r-devel-linux-x86_64-fedora-gcc | 0.1.0 | 10.00 | 77.23 | 87.23 | NOTE | |
| r-devel-windows-x86_64 | 0.1.0 | 7.00 | 60.00 | 67.00 | OK | |
| r-patched-linux-x86_64 | 0.1.0 | 4.21 | 43.01 | 47.22 | OK | |
| r-release-linux-x86_64 | 0.1.0 | 4.96 | 43.78 | 48.74 | OK | |
| r-release-macos-arm64 | 0.1.0 | 2.00 | 41.00 | 43.00 | OK | |
| r-release-macos-x86_64 | 0.1.0 | 6.00 | 84.00 | 90.00 | OK | |
| r-release-windows-x86_64 | 0.1.0 | 7.00 | 62.00 | 69.00 | OK | |
| r-oldrel-macos-arm64 | 0.1.0 | 2.00 | 29.00 | 31.00 | OK | |
| r-oldrel-macos-x86_64 | 0.1.0 | 3.00 | 40.00 | 43.00 | OK | |
| r-oldrel-windows-x86_64 | 0.1.0 | 8.00 | 77.00 | 85.00 | OK | 
Version: 0.1.0
Check: CRAN incoming feasibility
Result: NOTE
  Maintainer: ‘Lerato E Magosi <magosil86@gmail.com>’
  
  Package CITATION file contains call(s) to old-style personList() or
  as.personList().  Please use c() on person objects instead.
  Package CITATION file contains call(s) to old-style citEntry().  Please
  use bibentry() instead.
Flavors: r-devel-linux-x86_64-debian-clang, r-devel-linux-x86_64-debian-gcc
Version: 0.1.0
Check: dependencies in R code
Result: NOTE
  Namespaces in Imports field not imported from:
    ‘Hmisc’ ‘magrittr’ ‘rmarkdown’
    All declared Imports should be used.
Flavors: r-devel-linux-x86_64-fedora-clang, r-devel-linux-x86_64-fedora-gcc