Last updated on 2025-10-31 00:50:59 CET.
| Flavor | Version | Tinstall | Tcheck | Ttotal | Status | Flags | 
|---|---|---|---|---|---|---|
| r-devel-linux-x86_64-debian-clang | 0.3.1 | 7.75 | 69.01 | 76.76 | NOTE | |
| r-devel-linux-x86_64-debian-gcc | 0.3.1 | 6.31 | 49.39 | 55.70 | NOTE | |
| r-devel-linux-x86_64-fedora-clang | 0.3.1 | 17.00 | 101.49 | 118.49 | NOTE | |
| r-devel-linux-x86_64-fedora-gcc | 0.3.1 | 17.00 | 113.79 | 130.79 | NOTE | |
| r-devel-windows-x86_64 | 0.3.1 | 10.00 | 77.00 | 87.00 | NOTE | |
| r-patched-linux-x86_64 | 0.3.1 | 7.72 | 63.50 | 71.22 | NOTE | |
| r-release-linux-x86_64 | 0.3.1 | 6.77 | 63.61 | 70.38 | NOTE | |
| r-release-macos-arm64 | 0.3.1 | 5.00 | 45.00 | 50.00 | NOTE | |
| r-release-macos-x86_64 | 0.3.1 | 7.00 | 71.00 | 78.00 | NOTE | |
| r-release-windows-x86_64 | 0.3.1 | 12.00 | 77.00 | 89.00 | NOTE | |
| r-oldrel-macos-arm64 | 0.3.1 | 5.00 | 42.00 | 47.00 | OK | |
| r-oldrel-macos-x86_64 | 0.3.1 | 8.00 | 74.00 | 82.00 | OK | |
| r-oldrel-windows-x86_64 | 0.3.1 | 14.00 | 95.00 | 109.00 | OK | 
Version: 0.3.1
Check: DESCRIPTION meta-information
Result: NOTE
    Missing dependency on R >= 4.1.0 because package code uses the pipe
    |> or function shorthand \(...) syntax added in R 4.1.0.
    File(s) using such syntax:
      ‘census2021.Rd’
Flavors: r-devel-linux-x86_64-debian-clang, r-devel-linux-x86_64-debian-gcc, r-devel-linux-x86_64-fedora-clang, r-devel-linux-x86_64-fedora-gcc, r-devel-windows-x86_64, r-patched-linux-x86_64, r-release-linux-x86_64, r-release-macos-arm64, r-release-macos-x86_64, r-release-windows-x86_64