Last updated on 2025-02-22 00:49:40 CET.
Flavor | Version | Tinstall | Tcheck | Ttotal | Status | Flags |
---|---|---|---|---|---|---|
r-devel-linux-x86_64-debian-clang | 1.0 | 0.52 | 1.86 | 2.38 | ERROR | |
r-devel-linux-x86_64-debian-gcc | 1.0 | 2.16 | 34.77 | 36.93 | OK | |
r-devel-linux-x86_64-fedora-clang | 1.0 | 80.94 | OK | |||
r-devel-linux-x86_64-fedora-gcc | 1.0 | 93.73 | OK | |||
r-devel-macos-arm64 | 1.0 | 55.00 | OK | |||
r-devel-macos-x86_64 | 1.0 | 63.00 | OK | |||
r-devel-windows-x86_64 | 1.0 | 4.00 | 107.00 | 111.00 | OK | |
r-patched-linux-x86_64 | 1.0 | 2.45 | 44.15 | 46.60 | OK | |
r-release-linux-x86_64 | 1.0 | 2.34 | 44.07 | 46.41 | OK | |
r-release-macos-arm64 | 1.0 | 48.00 | OK | |||
r-release-macos-x86_64 | 1.0 | 74.00 | OK | |||
r-release-windows-x86_64 | 1.0 | 4.00 | 107.00 | 111.00 | OK | |
r-oldrel-macos-arm64 | 1.0 | 46.00 | OK | |||
r-oldrel-macos-x86_64 | 1.0 | 79.00 | OK | |||
r-oldrel-windows-x86_64 | 1.0 | 6.00 | 127.00 | 133.00 | OK |
Version: 1.0
Check: package dependencies
Result: ERROR
Package required but not available: ‘fbst’
See section ‘The DESCRIPTION file’ in the ‘Writing R Extensions’
manual.
Flavor: r-devel-linux-x86_64-debian-clang