Last updated on 2025-02-22 00:49:40 CET.
Flavor | Version | Tinstall | Tcheck | Ttotal | Status | Flags |
---|---|---|---|---|---|---|
r-devel-linux-x86_64-debian-clang | 2.0.3 | 62.21 | 64.70 | 126.91 | OK | |
r-devel-linux-x86_64-debian-gcc | 2.0.3 | 41.45 | 45.17 | 86.62 | OK | |
r-devel-linux-x86_64-fedora-clang | 2.0.3 | 220.51 | OK | |||
r-devel-linux-x86_64-fedora-gcc | 2.0.3 | 227.36 | OK | |||
r-devel-macos-arm64 | 2.0.3 | 67.00 | OK | |||
r-devel-macos-x86_64 | 2.0.3 | 115.00 | OK | |||
r-devel-windows-x86_64 | 2.0.3 | 62.00 | 102.00 | 164.00 | OK | |
r-patched-linux-x86_64 | 2.0.3 | 63.91 | 57.66 | 121.57 | OK | |
r-release-linux-x86_64 | 2.0.3 | 58.46 | 58.39 | 116.85 | OK | |
r-release-macos-arm64 | 2.0.3 | 58.00 | OK | |||
r-release-macos-x86_64 | 2.0.3 | 93.00 | NOTE | |||
r-release-windows-x86_64 | 2.0.3 | 65.00 | 105.00 | 170.00 | OK | |
r-oldrel-macos-arm64 | 2.0.3 | 66.00 | OK | |||
r-oldrel-macos-x86_64 | 2.0.3 | 93.00 | NOTE | |||
r-oldrel-windows-x86_64 | 2.0.3 | 79.00 | 122.00 | 201.00 | OK |
Version: 2.0.3
Check: installed package size
Result: NOTE
installed size is 5.1Mb
sub-directories of 1Mb or more:
libs 4.6Mb
Flavors: r-release-macos-x86_64, r-oldrel-macos-x86_64