Last updated on 2025-10-31 00:50:58 CET.
| Flavor | Version | Tinstall | Tcheck | Ttotal | Status | Flags | 
|---|---|---|---|---|---|---|
| r-devel-linux-x86_64-debian-clang | 1.0.2 | 28.38 | 214.16 | 242.54 | NOTE | |
| r-devel-linux-x86_64-debian-gcc | 1.0.2 | 18.44 | 146.05 | 164.49 | NOTE | |
| r-devel-linux-x86_64-fedora-clang | 1.0.2 | 139.00 | 255.99 | 394.99 | OK | |
| r-devel-linux-x86_64-fedora-gcc | 1.0.2 | 60.00 | 289.44 | 349.44 | OK | |
| r-devel-windows-x86_64 | 1.0.2 | 31.00 | 183.00 | 214.00 | OK | |
| r-patched-linux-x86_64 | 1.0.2 | 29.45 | 197.57 | 227.02 | OK | |
| r-release-linux-x86_64 | 1.0.2 | 26.91 | 201.72 | 228.63 | OK | |
| r-release-macos-arm64 | 1.0.2 | 12.00 | 84.00 | 96.00 | OK | |
| r-release-macos-x86_64 | 1.0.2 | 27.00 | 219.00 | 246.00 | OK | |
| r-release-windows-x86_64 | 1.0.2 | 32.00 | 186.00 | 218.00 | OK | |
| r-oldrel-macos-arm64 | 1.0.2 | 12.00 | 70.00 | 82.00 | OK | |
| r-oldrel-macos-x86_64 | 1.0.2 | 20.00 | 160.00 | 180.00 | OK | |
| r-oldrel-windows-x86_64 | 1.0.2 | 43.00 | 251.00 | 294.00 | OK | 
Version: 1.0.2
Check: CRAN incoming feasibility
Result: NOTE
  Maintainer: ‘Stefan Michiels <stefan.michiels@gustaveroussy.fr>’
  
  No Authors@R field in DESCRIPTION.
  Please add one, modifying
    Authors@R: c(person(given = "Nils",
                        family = "Ternes",
                        role = "aut"),
                 person(given = "Federico",
                        family = "Rotolo",
                        role = "aut"),
                 person(given = "Stefan",
                        family = "Michiels",
                        role = c("aut", "cre"),
                        email = "stefan.michiels@gustaveroussy.fr"))
  as necessary.
Flavors: r-devel-linux-x86_64-debian-clang, r-devel-linux-x86_64-debian-gcc