Last updated on 2025-10-31 00:50:58 CET.
| Flavor | Version | Tinstall | Tcheck | Ttotal | Status | Flags | 
|---|---|---|---|---|---|---|
| r-devel-linux-x86_64-debian-clang | 1.0.4 | 1.86 | 20.95 | 22.81 | NOTE | |
| r-devel-linux-x86_64-debian-gcc | 1.0.4 | 1.64 | 16.88 | 18.52 | NOTE | |
| r-devel-linux-x86_64-fedora-clang | 1.0.4 | 35.15 | OK | |||
| r-devel-linux-x86_64-fedora-gcc | 1.0.4 | 32.27 | OK | |||
| r-devel-windows-x86_64 | 1.0.4 | 3.00 | 40.00 | 43.00 | OK | |
| r-patched-linux-x86_64 | 1.0.4 | 1.83 | 19.70 | 21.53 | OK | |
| r-release-linux-x86_64 | 1.0.4 | 1.90 | 19.72 | 21.62 | OK | |
| r-release-macos-arm64 | 1.0.4 | 1.00 | 15.00 | 16.00 | OK | |
| r-release-macos-x86_64 | 1.0.4 | 2.00 | 32.00 | 34.00 | OK | |
| r-release-windows-x86_64 | 1.0.4 | 4.00 | 41.00 | 45.00 | OK | |
| r-oldrel-macos-arm64 | 1.0.4 | 1.00 | 18.00 | 19.00 | OK | |
| r-oldrel-macos-x86_64 | 1.0.4 | 2.00 | 18.00 | 20.00 | OK | |
| r-oldrel-windows-x86_64 | 1.0.4 | 4.00 | 46.00 | 50.00 | OK | 
Version: 1.0.4
Check: CRAN incoming feasibility
Result: NOTE
  Maintainer: ‘Korbinian Strimmer <strimmerlab@gmail.com>’
  
  No Authors@R field in DESCRIPTION.
  Please add one, modifying
    Authors@R: c(person(given = "Sebastian",
                        family = "Gibb",
                        role = "aut"),
                 person(given = "Korbinian",
                        family = "Strimmer.",
                        role = "aut"),
                 person(given = "Korbinian",
                        family = "Strimmer",
                        role = "cre",
                        email = "strimmerlab@gmail.com"))
  as necessary.
Flavors: r-devel-linux-x86_64-debian-clang, r-devel-linux-x86_64-debian-gcc