Last updated on 2025-10-31 00:50:58 CET.
| Flavor | Version | Tinstall | Tcheck | Ttotal | Status | Flags | 
|---|---|---|---|---|---|---|
| r-devel-linux-x86_64-debian-clang | 1.2.2 | 83.02 | 41.97 | 124.99 | OK | |
| r-devel-linux-x86_64-debian-gcc | 1.2.2 | 66.08 | 32.20 | 98.28 | OK | |
| r-devel-linux-x86_64-fedora-gcc | 1.2.2 | 155.00 | 61.74 | 216.74 | OK | |
| r-devel-windows-x86_64 | 1.2.2 | 583.00 | 226.00 | 809.00 | OK | |
| r-patched-linux-x86_64 | 1.2.2 | 89.08 | 38.33 | 127.41 | OK | |
| r-release-linux-x86_64 | 1.2.2 | 87.98 | 38.29 | 126.27 | OK | |
| r-release-macos-arm64 | 1.2.2 | 52.00 | 25.00 | 77.00 | OK | |
| r-release-macos-x86_64 | 1.2.2 | 54.00 | 41.00 | 95.00 | OK | |
| r-release-windows-x86_64 | 1.2.2 | 577.00 | 217.00 | 794.00 | OK | |
| r-oldrel-macos-arm64 | 1.2.2 | 46.00 | 28.00 | 74.00 | NOTE | |
| r-oldrel-macos-x86_64 | 1.2.2 | 45.00 | 42.00 | 87.00 | NOTE | |
| r-oldrel-windows-x86_64 | 1.2.2 | 573.00 | 288.00 | 861.00 | NOTE | 
Version: 1.2.2
Check: installed package size
Result: NOTE
    installed size is 28.2Mb
    sub-directories of 1Mb or more:
      libs  28.1Mb
Flavors: r-oldrel-macos-arm64, r-oldrel-macos-x86_64, r-oldrel-windows-x86_64