Last updated on 2025-10-31 00:50:58 CET.
| Flavor | Version | Tinstall | Tcheck | Ttotal | Status | Flags | 
|---|---|---|---|---|---|---|
| r-devel-linux-x86_64-debian-clang | 0.1.1 | 2.44 | 20.26 | 22.70 | NOTE | |
| r-devel-linux-x86_64-debian-gcc | 0.1.1 | 1.61 | 16.50 | 18.11 | NOTE | |
| r-devel-linux-x86_64-fedora-clang | 0.1.1 | 10.00 | 24.59 | 34.59 | OK | |
| r-devel-linux-x86_64-fedora-gcc | 0.1.1 | 32.25 | OK | |||
| r-devel-windows-x86_64 | 0.1.1 | 3.00 | 37.00 | 40.00 | OK | |
| r-patched-linux-x86_64 | 0.1.1 | 2.43 | 19.10 | 21.53 | OK | |
| r-release-linux-x86_64 | 0.1.1 | 2.41 | 19.11 | 21.52 | OK | |
| r-release-macos-arm64 | 0.1.1 | 1.00 | 16.00 | 17.00 | OK | |
| r-release-macos-x86_64 | 0.1.1 | 2.00 | 23.00 | 25.00 | OK | |
| r-release-windows-x86_64 | 0.1.1 | 4.00 | 42.00 | 46.00 | OK | |
| r-oldrel-macos-arm64 | 0.1.1 | 1.00 | 14.00 | 15.00 | NOTE | |
| r-oldrel-macos-x86_64 | 0.1.1 | 2.00 | 21.00 | 23.00 | NOTE | |
| r-oldrel-windows-x86_64 | 0.1.1 | 5.00 | 42.00 | 47.00 | NOTE | 
Version: 0.1.1
Check: CRAN incoming feasibility
Result: NOTE
  Maintainer: ‘Valentin Thorey <valentin@dreem.com>’
  
  No Authors@R field in DESCRIPTION.
  Please add one, modifying
    Authors@R: c(person(given = "Dylan",
                        family = "Heirstraeten",
                        role = "aut"),
                 person(given = "Valentin",
                        family = "Thorey",
                        role = "cre",
                        email = "valentin@dreem.com"))
  as necessary.
Flavors: r-devel-linux-x86_64-debian-clang, r-devel-linux-x86_64-debian-gcc
Version: 0.1.1
Check: LazyData
Result: NOTE
    'LazyData' is specified without a 'data' directory
Flavors: r-oldrel-macos-arm64, r-oldrel-macos-x86_64, r-oldrel-windows-x86_64