Last updated on 2025-10-31 00:50:58 CET.
| Flavor | Version | Tinstall | Tcheck | Ttotal | Status | Flags | 
|---|---|---|---|---|---|---|
| r-devel-linux-x86_64-debian-clang | 0.2.0 | 4.67 | 57.80 | 62.47 | NOTE | |
| r-devel-linux-x86_64-debian-gcc | 0.2.0 | 3.26 | 41.52 | 44.78 | NOTE | |
| r-devel-linux-x86_64-fedora-clang | 0.2.0 | 22.00 | 78.14 | 100.14 | NOTE | |
| r-devel-linux-x86_64-fedora-gcc | 0.2.0 | 10.00 | 93.97 | 103.97 | NOTE | |
| r-devel-windows-x86_64 | 0.2.0 | 8.00 | 74.00 | 82.00 | NOTE | |
| r-patched-linux-x86_64 | 0.2.0 | 4.45 | 52.58 | 57.03 | NOTE | |
| r-release-linux-x86_64 | 0.2.0 | 4.33 | 52.11 | 56.44 | NOTE | |
| r-release-macos-arm64 | 0.2.0 | 3.00 | 53.00 | 56.00 | NOTE | |
| r-release-macos-x86_64 | 0.2.0 | 4.00 | 69.00 | 73.00 | NOTE | |
| r-release-windows-x86_64 | 0.2.0 | 7.00 | 76.00 | 83.00 | NOTE | |
| r-oldrel-macos-arm64 | 0.2.0 | 1.00 | 199.00 | 200.00 | OK | |
| r-oldrel-macos-x86_64 | 0.2.0 | 3.00 | 218.00 | 221.00 | OK | |
| r-oldrel-windows-x86_64 | 0.2.0 | 8.00 | 91.00 | 99.00 | OK | 
Version: 0.2.0
Check: DESCRIPTION meta-information
Result: NOTE
    Missing dependency on R >= 4.1.0 because package code uses the pipe
    |> or function shorthand \(...) syntax added in R 4.1.0.
    File(s) using such syntax:
      ‘apply_contrast.R’ ‘apply_contrast.Rd’ ‘average_predictions.Rd’
      ‘estimate_varcov.R’ ‘estimate_varcov.Rd’ ‘get_marginal_effect.R’
      ‘get_marginal_effect.Rd’ ‘predict_counterfactuals.R’
Flavors: r-devel-linux-x86_64-debian-clang, r-devel-linux-x86_64-debian-gcc, r-devel-linux-x86_64-fedora-clang, r-devel-linux-x86_64-fedora-gcc, r-devel-windows-x86_64, r-patched-linux-x86_64, r-release-linux-x86_64, r-release-macos-arm64, r-release-macos-x86_64, r-release-windows-x86_64