Last updated on 2025-10-31 00:50:58 CET.
| Flavor | Version | Tinstall | Tcheck | Ttotal | Status | Flags | 
|---|---|---|---|---|---|---|
| r-devel-linux-x86_64-debian-clang | 0.1.15 | 4.70 | 43.71 | 48.41 | OK | |
| r-devel-linux-x86_64-debian-gcc | 0.1.15 | 3.97 | 32.59 | 36.56 | OK | |
| r-devel-linux-x86_64-fedora-clang | 0.1.15 | 24.00 | 54.15 | 78.15 | OK | |
| r-devel-linux-x86_64-fedora-gcc | 0.1.15 | 11.00 | 58.20 | 69.20 | OK | |
| r-devel-windows-x86_64 | 0.1.15 | 8.00 | 57.00 | 65.00 | OK | |
| r-patched-linux-x86_64 | 0.1.15 | 4.25 | 40.66 | 44.91 | OK | |
| r-release-linux-x86_64 | 0.1.15 | 4.49 | 41.04 | 45.53 | OK | |
| r-release-macos-arm64 | 0.1.15 | 3.00 | 25.00 | 28.00 | OK | |
| r-release-macos-x86_64 | 0.1.15 | 4.00 | 37.00 | 41.00 | OK | |
| r-release-windows-x86_64 | 0.1.15 | 8.00 | 58.00 | 66.00 | OK | |
| r-oldrel-macos-arm64 | 0.1.15 | 2.00 | 23.00 | 25.00 | NOTE | |
| r-oldrel-macos-x86_64 | 0.1.15 | 4.00 | 33.00 | 37.00 | NOTE | |
| r-oldrel-windows-x86_64 | 0.1.15 | 9.00 | 70.00 | 79.00 | NOTE | 
Version: 0.1.15
Check: LazyData
Result: NOTE
    'LazyData' is specified without a 'data' directory
Flavors: r-oldrel-macos-arm64, r-oldrel-macos-x86_64, r-oldrel-windows-x86_64