Last updated on 2025-10-31 00:50:58 CET.
| Flavor | Version | Tinstall | Tcheck | Ttotal | Status | Flags | 
|---|---|---|---|---|---|---|
| r-devel-linux-x86_64-debian-clang | 1.3.2 | 11.69 | 68.64 | 80.33 | NOTE | |
| r-devel-linux-x86_64-debian-gcc | 1.3.2 | 8.14 | 49.73 | 57.87 | NOTE | |
| r-devel-linux-x86_64-fedora-clang | 1.3.2 | 65.00 | 73.14 | 138.14 | NOTE | |
| r-devel-linux-x86_64-fedora-gcc | 1.3.2 | 32.00 | 104.72 | 136.72 | NOTE | |
| r-devel-windows-x86_64 | 1.3.2 | 15.00 | 112.00 | 127.00 | NOTE | |
| r-patched-linux-x86_64 | 1.3.2 | 12.09 | 64.96 | 77.05 | NOTE | |
| r-release-linux-x86_64 | 1.3.2 | 11.30 | 64.53 | 75.83 | NOTE | |
| r-release-macos-arm64 | 1.3.2 | 6.00 | 48.00 | 54.00 | NOTE | |
| r-release-macos-x86_64 | 1.3.2 | 8.00 | 98.00 | 106.00 | NOTE | |
| r-release-windows-x86_64 | 1.3.2 | 16.00 | 117.00 | 133.00 | NOTE | |
| r-oldrel-macos-arm64 | 1.3.2 | 5.00 | 42.00 | 47.00 | NOTE | |
| r-oldrel-macos-x86_64 | 1.3.2 | 13.00 | 105.00 | 118.00 | NOTE | |
| r-oldrel-windows-x86_64 | 1.3.2 | 18.00 | 135.00 | 153.00 | NOTE | 
Version: 1.3.2
Check: CRAN incoming feasibility
Result: NOTE
  Maintainer: ‘Eliezer Gurarie <egurarie@esf.edu>’
  
  No Authors@R field in DESCRIPTION.
  Please add one, modifying
    Authors@R: person(given = "Eliezer",
                      family = "Gurarie",
                      role = c("aut", "cre"),
                      email = "egurarie@esf.edu")
  as necessary.
Flavors: r-devel-linux-x86_64-debian-clang, r-devel-linux-x86_64-debian-gcc
Version: 1.3.2
Check: Rd files
Result: NOTE
  checkRd: (-1) WindowSweep.Rd:32: Lost braces
      32 | `code{\link{GetVT}}`.   Otherwise, any column (e.g. \code{"Depth"}) in the 
         |      ^
  checkRd: (-1) WindowSweep.Rd:36: Lost braces
      36 | \code{T.mid}  from the output of the `code{\link{GetVT}}`.}
         |                                           ^
Flavors: r-devel-linux-x86_64-debian-clang, r-devel-linux-x86_64-debian-gcc, r-devel-linux-x86_64-fedora-clang, r-devel-linux-x86_64-fedora-gcc, r-devel-windows-x86_64, r-patched-linux-x86_64, r-release-linux-x86_64, r-release-macos-arm64, r-release-macos-x86_64, r-release-windows-x86_64, r-oldrel-macos-arm64, r-oldrel-macos-x86_64, r-oldrel-windows-x86_64