Last updated on 2025-10-31 00:50:58 CET.
| Flavor | Version | Tinstall | Tcheck | Ttotal | Status | Flags | 
|---|---|---|---|---|---|---|
| r-devel-linux-x86_64-debian-clang | 2.0.2 | 4.43 | 205.68 | 210.11 | NOTE | |
| r-devel-linux-x86_64-debian-gcc | 2.0.2 | 3.11 | 131.48 | 134.59 | NOTE | |
| r-devel-linux-x86_64-fedora-clang | 2.0.2 | 19.00 | 373.99 | 392.99 | NOTE | |
| r-devel-linux-x86_64-fedora-gcc | 2.0.2 | 11.00 | 368.03 | 379.03 | NOTE | |
| r-devel-windows-x86_64 | 2.0.2 | 6.00 | 244.00 | 250.00 | NOTE | |
| r-patched-linux-x86_64 | 2.0.2 | 4.59 | 196.99 | 201.58 | NOTE | |
| r-release-linux-x86_64 | 2.0.2 | 4.49 | 199.61 | 204.10 | NOTE | |
| r-release-macos-arm64 | 2.0.2 | 2.00 | 100.00 | 102.00 | NOTE | |
| r-release-macos-x86_64 | 2.0.2 | 7.00 | 255.00 | 262.00 | NOTE | |
| r-release-windows-x86_64 | 2.0.2 | 8.00 | 241.00 | 249.00 | NOTE | |
| r-oldrel-macos-arm64 | 2.0.2 | 2.00 | 94.00 | 96.00 | NOTE | |
| r-oldrel-macos-x86_64 | 2.0.2 | 7.00 | 198.00 | 205.00 | NOTE | |
| r-oldrel-windows-x86_64 | 2.0.2 | 6.00 | 307.00 | 313.00 | NOTE | 
Version: 2.0.2
Check: CRAN incoming feasibility
Result: NOTE
  Maintainer: ‘Vinicius Mayrink <vdinizm@gmail.com>’
  
  The Description field contains
    <arXiv:2003.05157>.
  Please refer to arXiv e-prints via their arXiv DOI <doi:10.48550/arXiv.YYMM.NNNNN>.
Flavors: r-devel-linux-x86_64-debian-clang, r-devel-linux-x86_64-debian-gcc
Version: 2.0.2
Check: Rd files
Result: NOTE
  checkRd: (-1) bbreg.Rd:75: Lost braces; missing escapes or markup?
      75 | ("x_{i,1}" and "v_{i,1}" may be 1 to handle intercepts). As it can be seen, this regression model has two levels with covariates explaining the mean
         |     ^
  checkRd: (-1) bbreg.Rd:75: Lost braces; missing escapes or markup?
      75 | ("x_{i,1}" and "v_{i,1}" may be 1 to handle intercepts). As it can be seen, this regression model has two levels with covariates explaining the mean
         |                   ^
  checkRd: (-1) dbbtest.Rd:27: Lost braces; missing escapes or markup?
      27 | considered in the decision rule of the test; they are sum(z2/n) = sum_{i=1}^{n}(z_i^2)/n, sum(quasi_mu) = sum_{i=1}^{n}(tilde{mu_i}^2 + tilde{mu_i}(1-tilde{mu_i})/2)
         |                                                                       ^
  checkRd: (-1) dbbtest.Rd:27: Lost braces; missing escapes or markup?
      27 | considered in the decision rule of the test; they are sum(z2/n) = sum_{i=1}^{n}(z_i^2)/n, sum(quasi_mu) = sum_{i=1}^{n}(tilde{mu_i}^2 + tilde{mu_i}(1-tilde{mu_i})/2)
         |                                                                             ^
  checkRd: (-1) dbbtest.Rd:27: Lost braces; missing escapes or markup?
      27 | considered in the decision rule of the test; they are sum(z2/n) = sum_{i=1}^{n}(z_i^2)/n, sum(quasi_mu) = sum_{i=1}^{n}(tilde{mu_i}^2 + tilde{mu_i}(1-tilde{mu_i})/2)
         |                                                                                                               ^
  checkRd: (-1) dbbtest.Rd:27: Lost braces; missing escapes or markup?
      27 | considered in the decision rule of the test; they are sum(z2/n) = sum_{i=1}^{n}(z_i^2)/n, sum(quasi_mu) = sum_{i=1}^{n}(tilde{mu_i}^2 + tilde{mu_i}(1-tilde{mu_i})/2)
         |                                                                                                                     ^
  checkRd: (-1) dbbtest.Rd:27: Lost braces
      27 | considered in the decision rule of the test; they are sum(z2/n) = sum_{i=1}^{n}(z_i^2)/n, sum(quasi_mu) = sum_{i=1}^{n}(tilde{mu_i}^2 + tilde{mu_i}(1-tilde{mu_i})/2)
         |                                                                                                                              ^
  checkRd: (-1) dbbtest.Rd:27: Lost braces
      27 | considered in the decision rule of the test; they are sum(z2/n) = sum_{i=1}^{n}(z_i^2)/n, sum(quasi_mu) = sum_{i=1}^{n}(tilde{mu_i}^2 + tilde{mu_i}(1-tilde{mu_i})/2)
         |                                                                                                                                              ^
  checkRd: (-1) dbbtest.Rd:27: Lost braces
      27 | considered in the decision rule of the test; they are sum(z2/n) = sum_{i=1}^{n}(z_i^2)/n, sum(quasi_mu) = sum_{i=1}^{n}(tilde{mu_i}^2 + tilde{mu_i}(1-tilde{mu_i})/2)
         |                                                                                                                                                            ^
Flavors: r-devel-linux-x86_64-debian-clang, r-devel-linux-x86_64-debian-gcc, r-devel-linux-x86_64-fedora-clang, r-devel-linux-x86_64-fedora-gcc, r-devel-windows-x86_64, r-patched-linux-x86_64, r-release-linux-x86_64, r-release-macos-arm64, r-release-macos-x86_64, r-release-windows-x86_64, r-oldrel-macos-arm64, r-oldrel-macos-x86_64, r-oldrel-windows-x86_64