Last updated on 2025-10-31 00:50:58 CET.
| Flavor | Version | Tinstall | Tcheck | Ttotal | Status | Flags | 
|---|---|---|---|---|---|---|
| r-devel-linux-x86_64-debian-clang | 3.0.4 | 6.04 | 26.26 | 32.30 | NOTE | |
| r-devel-linux-x86_64-debian-gcc | 3.0.4 | 3.58 | 20.74 | 24.32 | NOTE | |
| r-devel-linux-x86_64-fedora-clang | 3.0.4 | 12.00 | 35.34 | 47.34 | NOTE | |
| r-devel-linux-x86_64-fedora-gcc | 3.0.4 | 11.00 | 33.27 | 44.27 | NOTE | |
| r-devel-windows-x86_64 | 3.0.4 | 7.00 | 46.00 | 53.00 | NOTE | |
| r-patched-linux-x86_64 | 3.0.4 | 4.67 | 24.53 | 29.20 | NOTE | |
| r-release-linux-x86_64 | 3.0.4 | 4.51 | 24.68 | 29.19 | NOTE | |
| r-release-macos-arm64 | 3.0.4 | 3.00 | 16.00 | 19.00 | NOTE | |
| r-release-macos-x86_64 | 3.0.4 | 10.00 | 27.00 | 37.00 | NOTE | |
| r-release-windows-x86_64 | 3.0.4 | 11.00 | 48.00 | 59.00 | NOTE | |
| r-oldrel-macos-arm64 | 3.0.4 | 3.00 | 20.00 | 23.00 | NOTE | |
| r-oldrel-macos-x86_64 | 3.0.4 | 8.00 | 22.00 | 30.00 | NOTE | |
| r-oldrel-windows-x86_64 | 3.0.4 | 10.00 | 53.00 | 63.00 | NOTE | 
Version: 3.0.4
Check: Rd files
Result: NOTE
  checkRd: (-1) bayesDccGarch.Rd:91: Lost braces; missing escapes or markup?
      91 | \item{$H_n1 }{ Bayesian prediction of volatilities and co-volatilities for y_{n+1}.}
         |                                                                              ^
  checkRd: (-1) bayesDccGarch.Rd:92: Lost braces; missing escapes or markup?
      92 | \item{$R_n1 }{ Bayesian prediction of coditional correlation for y_{n+1}.}
         |                                                                    ^
Flavors: r-devel-linux-x86_64-debian-clang, r-devel-linux-x86_64-debian-gcc, r-devel-linux-x86_64-fedora-clang, r-devel-linux-x86_64-fedora-gcc, r-devel-windows-x86_64, r-patched-linux-x86_64, r-release-linux-x86_64, r-release-macos-arm64, r-release-macos-x86_64, r-release-windows-x86_64, r-oldrel-macos-arm64, r-oldrel-macos-x86_64, r-oldrel-windows-x86_64