Last updated on 2025-10-31 00:50:58 CET.
| Flavor | Version | Tinstall | Tcheck | Ttotal | Status | Flags | 
|---|---|---|---|---|---|---|
| r-devel-linux-x86_64-debian-clang | 2.2.1 | 157.37 | 435.08 | 592.45 | OK | |
| r-devel-linux-x86_64-debian-gcc | 2.2.1 | 91.74 | 136.65 | 228.39 | OK | |
| r-devel-linux-x86_64-fedora-clang | 2.2.1 | 244.00 | 570.71 | 814.71 | OK | |
| r-devel-linux-x86_64-fedora-gcc | 2.2.1 | 152.00 | 410.34 | 562.34 | OK | |
| r-devel-windows-x86_64 | 2.2.1 | 172.00 | 228.00 | 400.00 | OK | |
| r-patched-linux-x86_64 | 2.2.1 | 146.63 | 183.81 | 330.44 | OK | |
| r-release-linux-x86_64 | 2.2.1 | 140.73 | 181.90 | 322.63 | OK | |
| r-release-macos-arm64 | 2.2.1 | 47.00 | 81.00 | 128.00 | OK | |
| r-release-macos-x86_64 | 2.2.1 | 57.00 | 263.00 | 320.00 | OK | |
| r-release-windows-x86_64 | 2.2.1 | 184.00 | 231.00 | 415.00 | OK | |
| r-oldrel-macos-arm64 | 2.2.1 | 57.00 | 82.00 | 139.00 | NOTE | |
| r-oldrel-macos-x86_64 | 2.2.1 | 43.00 | 164.00 | 207.00 | NOTE | |
| r-oldrel-windows-x86_64 | 2.2.1 | 204.00 | 274.00 | 478.00 | OK | 
Version: 2.2.1
Check: installed package size
Result: NOTE
    installed size is  7.2Mb
    sub-directories of 1Mb or more:
      libs   6.8Mb
Flavors: r-oldrel-macos-arm64, r-oldrel-macos-x86_64