Last updated on 2025-10-31 00:50:57 CET.
| Flavor | Version | Tinstall | Tcheck | Ttotal | Status | Flags | 
|---|---|---|---|---|---|---|
| r-devel-linux-x86_64-debian-clang | 1.3.4.1 | 9.10 | 104.40 | 113.50 | NOTE | |
| r-devel-linux-x86_64-debian-gcc | 1.3.4.1 | 7.33 | 75.74 | 83.07 | NOTE | |
| r-devel-linux-x86_64-fedora-clang | 1.3.4.1 | 23.00 | 151.29 | 174.29 | OK | |
| r-devel-linux-x86_64-fedora-gcc | 1.3.4.1 | 42.00 | 149.98 | 191.98 | OK | |
| r-devel-windows-x86_64 | 1.3.4.1 | 9.00 | 98.00 | 107.00 | OK | |
| r-patched-linux-x86_64 | 1.3.4.1 | 11.73 | 100.70 | 112.43 | OK | |
| r-release-linux-x86_64 | 1.3.4.1 | 5.42 | 66.81 | 72.23 | OK | |
| r-release-macos-arm64 | 1.3.4.1 | 3.00 | 45.00 | 48.00 | OK | |
| r-release-macos-x86_64 | 1.3.4.1 | 5.00 | 75.00 | 80.00 | OK | |
| r-release-windows-x86_64 | 1.3.4.1 | 8.00 | 104.00 | 112.00 | OK | |
| r-oldrel-macos-arm64 | 1.3.4.1 | 3.00 | 42.00 | 45.00 | OK | |
| r-oldrel-macos-x86_64 | 1.3.4.1 | 7.00 | 72.00 | 79.00 | OK | |
| r-oldrel-windows-x86_64 | 1.3.4.1 | 11.00 | 111.00 | 122.00 | OK | 
Version: 1.3.4.1
Check: CRAN incoming feasibility
Result: NOTE
  Maintainer: ‘Adam Kapelner <kapelner@qc.cuny.edu>’
  
  No Authors@R field in DESCRIPTION.
  Please add one, modifying
    Authors@R: c(person(given = "Adam",
                        family = "Kapelner",
                        role = c("aut", "cre"),
                        email = "kapelner@qc.cuny.edu"),
                 person(given = "Justin",
                        family = "Bleich",
                        role = "aut",
                        comment = c(ROR = "R package")))
  as necessary.
Flavors: r-devel-linux-x86_64-debian-clang, r-devel-linux-x86_64-debian-gcc