Last updated on 2025-10-31 00:50:57 CET.
| Flavor | Version | Tinstall | Tcheck | Ttotal | Status | Flags | 
|---|---|---|---|---|---|---|
| r-devel-linux-x86_64-debian-clang | 1.0.0 | 1.55 | 28.02 | 29.57 | NOTE | |
| r-devel-linux-x86_64-debian-gcc | 1.0.0 | 1.37 | 23.32 | 24.69 | NOTE | |
| r-devel-linux-x86_64-fedora-clang | 1.0.0 | 44.05 | OK | |||
| r-devel-linux-x86_64-fedora-gcc | 1.0.0 | 56.47 | OK | |||
| r-devel-windows-x86_64 | 1.0.0 | 4.00 | 56.00 | 60.00 | OK | |
| r-patched-linux-x86_64 | 1.0.0 | 1.62 | 26.72 | 28.34 | OK | |
| r-release-linux-x86_64 | 1.0.0 | 1.67 | 26.99 | 28.66 | OK | |
| r-release-macos-arm64 | 1.0.0 | 1.00 | 56.00 | 57.00 | OK | |
| r-release-macos-x86_64 | 1.0.0 | 2.00 | 48.00 | 50.00 | OK | |
| r-release-windows-x86_64 | 1.0.0 | 4.00 | 57.00 | 61.00 | OK | |
| r-oldrel-macos-arm64 | 1.0.0 | 1.00 | 36.00 | 37.00 | NOTE | |
| r-oldrel-macos-x86_64 | 1.0.0 | 1.00 | 40.00 | 41.00 | NOTE | |
| r-oldrel-windows-x86_64 | 1.0.0 | 4.00 | 61.00 | 65.00 | NOTE | 
Version: 1.0.0
Check: CRAN incoming feasibility
Result: NOTE
  Maintainer: ‘Bill Venables <Bill.Venables@gmail.com>’
  
  No Authors@R field in DESCRIPTION.
  Please add one, modifying
    Authors@R: person(given = "Bill",
                      family = "Venables",
                      role = c("aut", "cre"),
                      email = "Bill.Venables@gmail.com")
  as necessary.
Flavors: r-devel-linux-x86_64-debian-clang, r-devel-linux-x86_64-debian-gcc
Version: 1.0.0
Check: LazyData
Result: NOTE
    'LazyData' is specified without a 'data' directory
Flavors: r-oldrel-macos-arm64, r-oldrel-macos-x86_64, r-oldrel-windows-x86_64