Last updated on 2025-10-31 00:50:57 CET.
| Flavor | Version | Tinstall | Tcheck | Ttotal | Status | Flags | 
|---|---|---|---|---|---|---|
| r-devel-linux-x86_64-debian-clang | 1.0.1 | 656.13 | 510.61 | 1166.74 | OK | |
| r-devel-linux-x86_64-debian-gcc | 1.0.1 | 512.65 | 409.82 | 922.47 | OK | |
| r-devel-linux-x86_64-fedora-clang | 1.0.1 | 3240.00 | -1413.81 | 1826.19 | NOTE | |
| r-devel-linux-x86_64-fedora-gcc | 1.0.1 | 5340.00 | -3080.43 | 2259.57 | NOTE | |
| r-devel-windows-x86_64 | 1.0.1 | 651.00 | 552.00 | 1203.00 | OK | |
| r-patched-linux-x86_64 | 1.0.1 | 725.94 | 420.60 | 1146.54 | ERROR | |
| r-release-linux-x86_64 | 1.0.1 | 694.17 | 545.09 | 1239.26 | OK | |
| r-release-macos-arm64 | 1.0.1 | 260.00 | 198.00 | 458.00 | OK | |
| r-release-macos-x86_64 | 1.0.1 | 193.00 | 405.00 | 598.00 | OK | |
| r-release-windows-x86_64 | 1.0.1 | 660.00 | 545.00 | 1205.00 | OK | |
| r-oldrel-macos-arm64 | 1.0.1 | 127.00 | 114.00 | 241.00 | NOTE | |
| r-oldrel-macos-x86_64 | 1.0.1 | 86.00 | 196.00 | 282.00 | NOTE | |
| r-oldrel-windows-x86_64 | 1.0.1 | 725.00 | 692.00 | 1417.00 | NOTE | 
Version: 1.0.1
Check: dependencies in R code
Result: NOTE
  Namespaces in Imports field not imported from:
    ‘RcppParallel’ ‘rstantools’
    All declared Imports should be used.
Flavors: r-devel-linux-x86_64-fedora-clang, r-devel-linux-x86_64-fedora-gcc
Version: 1.0.1
Check: re-building of vignette outputs
Result: ERROR
  Error(s) in re-building vignettes:
    ...
  --- re-building ‘Differential-Synth.Rmd’ using rmarkdown
  
  Quitting from Differential-Synth.Rmd:28-42 [setup]
  ~~~~~~~~~~~~~~~~~~~~~~~~~~~~~~~~~~~~~~~~~~~~~~~~~~~~~~~~~~~~~~~~~~~~~~~~~~~~~~~~
  <error/rlang_error>
  Error in `library()`:
  ! there is no package called 'DESeq2'
  ---
  Backtrace:
      ▆
   1. └─base::library(DESeq2)
  ~~~~~~~~~~~~~~~~~~~~~~~~~~~~~~~~~~~~~~~~~~~~~~~~~~~~~~~~~~~~~~~~~~~~~~~~~~~~~~~~
  
  Error: processing vignette 'Differential-Synth.Rmd' failed with diagnostics:
  there is no package called 'DESeq2'
  --- failed re-building ‘Differential-Synth.Rmd’
  
  --- re-building ‘Dropout.Rmd’ using rmarkdown
  [WARNING] Deprecated: --highlight-style. Use --syntax-highlighting instead.
  --- finished re-building ‘Dropout.Rmd’
  
  --- re-building ‘Getting-Started.Rmd’ using rmarkdown
  [WARNING] Deprecated: --highlight-style. Use --syntax-highlighting instead.
  --- finished re-building ‘Getting-Started.Rmd’
  
  --- re-building ‘NSS.Rmd’ using rmarkdown
  
  Quitting from NSS.Rmd:31-46 [setup]
  ~~~~~~~~~~~~~~~~~~~~~~~~~~~~~~~~~~~~~~~~~~~~~~~~~~~~~~~~~~~~~~~~~~~~~~~~~~~~~~~~
  <error/rlang_error>
  Error in `library()`:
  ! there is no package called 'DESeq2'
  ---
  Backtrace:
      ▆
   1. └─base::library(DESeq2)
  ~~~~~~~~~~~~~~~~~~~~~~~~~~~~~~~~~~~~~~~~~~~~~~~~~~~~~~~~~~~~~~~~~~~~~~~~~~~~~~~~
  
  Error: processing vignette 'NSS.Rmd' failed with diagnostics:
  there is no package called 'DESeq2'
  --- failed re-building ‘NSS.Rmd’
  
  --- re-building ‘Troubleshooting.Rmd’ using rmarkdown
  [WARNING] Deprecated: --highlight-style. Use --syntax-highlighting instead.
  --- finished re-building ‘Troubleshooting.Rmd’
  
  --- re-building ‘bakR-Fn.Rmd’ using rmarkdown
  [WARNING] Deprecated: --highlight-style. Use --syntax-highlighting instead.
  --- finished re-building ‘bakR-Fn.Rmd’
  
  --- re-building ‘bakR-Quickstart.Rmd’ using rmarkdown
  [WARNING] Deprecated: --highlight-style. Use --syntax-highlighting instead.
  --- finished re-building ‘bakR-Quickstart.Rmd’
  
  SUMMARY: processing the following files failed:
    ‘Differential-Synth.Rmd’ ‘NSS.Rmd’
  
  Error: Vignette re-building failed.
  Execution halted
Flavor: r-patched-linux-x86_64
Version: 1.0.1
Check: installed package size
Result: NOTE
    installed size is 103.3Mb
    sub-directories of 1Mb or more:
      libs  101.5Mb
Flavors: r-oldrel-macos-arm64, r-oldrel-macos-x86_64, r-oldrel-windows-x86_64
Version: 1.0.1
Check: for GNU extensions in Makefiles
Result: NOTE
  GNU make is a SystemRequirements.
Flavors: r-oldrel-macos-arm64, r-oldrel-macos-x86_64