Last updated on 2025-10-31 00:50:57 CET.
| Flavor | Version | Tinstall | Tcheck | Ttotal | Status | Flags | 
|---|---|---|---|---|---|---|
| r-devel-linux-x86_64-debian-clang | 1.0.1 | 6.49 | 63.00 | 69.49 | NOTE | |
| r-devel-linux-x86_64-debian-gcc | 1.0.1 | 5.61 | 48.75 | 54.36 | NOTE | |
| r-devel-linux-x86_64-fedora-clang | 1.0.1 | 20.00 | 86.63 | 106.63 | OK | |
| r-devel-linux-x86_64-fedora-gcc | 1.0.1 | 15.00 | 88.50 | 103.50 | OK | |
| r-devel-windows-x86_64 | 1.0.1 | 9.00 | 77.00 | 86.00 | OK | |
| r-patched-linux-x86_64 | 1.0.1 | 7.61 | 61.32 | 68.93 | OK | |
| r-release-linux-x86_64 | 1.0.1 | 7.23 | 60.46 | 67.69 | OK | |
| r-release-macos-arm64 | 1.0.1 | 5.00 | 54.00 | 59.00 | OK | |
| r-release-macos-x86_64 | 1.0.1 | 6.00 | 62.00 | 68.00 | OK | |
| r-release-windows-x86_64 | 1.0.1 | 8.00 | 79.00 | 87.00 | OK | |
| r-oldrel-macos-arm64 | 1.0.1 | 4.00 | 32.00 | 36.00 | OK | |
| r-oldrel-macos-x86_64 | 1.0.1 | 10.00 | 68.00 | 78.00 | OK | |
| r-oldrel-windows-x86_64 | 1.0.1 | 10.00 | 92.00 | 102.00 | OK | 
Version: 1.0.1
Check: CRAN incoming feasibility
Result: NOTE
  Maintainer: ‘Chi Wang <chi.wang@uky.edu>’
  
  No Authors@R field in DESCRIPTION.
  Please add one, modifying
    Authors@R: person(given = "Chi",
                      family = "Wang",
                      role = c("aut", "cre"),
                      email = "chi.wang@uky.edu")
  as necessary.
  
  Package CITATION file contains call(s) to old-style personList() or
  as.personList().  Please use c() on person objects instead.
  Package CITATION file contains call(s) to old-style citEntry().  Please
  use bibentry() instead.
Flavors: r-devel-linux-x86_64-debian-clang, r-devel-linux-x86_64-debian-gcc