Last updated on 2025-10-31 00:50:57 CET.
| Flavor | Version | Tinstall | Tcheck | Ttotal | Status | Flags | 
|---|---|---|---|---|---|---|
| r-devel-linux-x86_64-debian-clang | 1.4.3 | 56.47 | 100.21 | 156.68 | NOTE | |
| r-devel-linux-x86_64-debian-gcc | 1.4.3 | 47.52 | 76.14 | 123.66 | NOTE | |
| r-devel-linux-x86_64-fedora-clang | 1.4.3 | 240.00 | 29.09 | 269.09 | NOTE | |
| r-devel-linux-x86_64-fedora-gcc | 1.4.3 | 144.00 | 119.86 | 263.86 | NOTE | |
| r-devel-windows-x86_64 | 1.4.3 | 62.00 | 125.00 | 187.00 | NOTE | |
| r-patched-linux-x86_64 | 1.4.3 | 64.97 | 100.95 | 165.92 | NOTE | |
| r-release-linux-x86_64 | 1.4.3 | 62.31 | 100.37 | 162.68 | NOTE | |
| r-release-macos-arm64 | 1.4.3 | 31.00 | 51.00 | 82.00 | NOTE | |
| r-release-macos-x86_64 | 1.4.3 | 65.00 | 88.00 | 153.00 | NOTE | |
| r-release-windows-x86_64 | 1.4.3 | 66.00 | 125.00 | 191.00 | NOTE | |
| r-oldrel-macos-arm64 | 1.4.3 | 15.00 | 29.00 | 44.00 | NOTE | |
| r-oldrel-macos-x86_64 | 1.4.3 | 28.00 | 52.00 | 80.00 | NOTE | |
| r-oldrel-windows-x86_64 | 1.4.3 | 79.00 | 157.00 | 236.00 | NOTE | 
Version: 1.4.3
Check: CRAN incoming feasibility
Result: NOTE
  Maintainer: ‘ShengLi Tzeng <slt.cmu@gmail.com>’
  
  No Authors@R field in DESCRIPTION.
  Please add one, modifying
    Authors@R: c(person(given = "ShengLi",
                        family = "Tzeng",
                        role = c("aut", "cre"),
                        email = "slt.cmu@gmail.com"),
                 person(given = "Hsin-Cheng",
                        family = "Huang",
                        role = "aut"),
                 person(given = "Wen-Ting",
                        family = "Wang",
                        role = "ctb"),
                 person(given = "Douglas",
                        family = "Nychka",
                        role = "ctb"),
                 person(given = "Colin",
                        family = "Gillespie",
                        role = "ctb"))
  as necessary.
Flavors: r-devel-linux-x86_64-debian-clang, r-devel-linux-x86_64-debian-gcc
Version: 1.4.3
Check: C++ specification
Result: NOTE
    Specified C++11: please drop specification unless essential
Flavors: r-devel-linux-x86_64-debian-clang, r-devel-linux-x86_64-debian-gcc, r-devel-linux-x86_64-fedora-clang, r-devel-linux-x86_64-fedora-gcc, r-devel-windows-x86_64, r-patched-linux-x86_64, r-release-linux-x86_64, r-release-macos-arm64, r-release-macos-x86_64, r-release-windows-x86_64, r-oldrel-macos-arm64, r-oldrel-macos-x86_64, r-oldrel-windows-x86_64
Version: 1.4.3
Check: installed package size
Result: NOTE
    installed size is 26.7Mb
    sub-directories of 1Mb or more:
      libs  26.5Mb
Flavors: r-oldrel-macos-arm64, r-oldrel-macos-x86_64