Last updated on 2025-11-01 00:49:53 CET.
| Flavor | Version | Tinstall | Tcheck | Ttotal | Status | Flags |
|---|---|---|---|---|---|---|
| r-devel-linux-x86_64-debian-clang | 22.0.0 | 3673.81 | 251.24 | 3925.05 | OK | |
| r-devel-linux-x86_64-debian-gcc | 22.0.0 | 2763.88 | 166.03 | 2929.91 | OK | |
| r-devel-linux-x86_64-fedora-clang | 22.0.0 | 8100.00 | -1669.03 | 6430.97 | OK | |
| r-devel-linux-x86_64-fedora-gcc | 22.0.0 | 8520.00 | -1416.62 | 7103.38 | OK | |
| r-devel-windows-x86_64 | 21.0.0.1 | 431.00 | 588.00 | 1019.00 | OK | |
| r-patched-linux-x86_64 | 21.0.0.1 | 3887.61 | 246.96 | 4134.57 | OK | |
| r-release-linux-x86_64 | 21.0.0.1 | 3835.06 | 250.00 | 4085.06 | OK | |
| r-release-macos-arm64 | 22.0.0 | 1560.00 | 43.00 | 1603.00 | OK | |
| r-release-macos-x86_64 | 22.0.0 | 1803.00 | OK | |||
| r-release-windows-x86_64 | 22.0.0 | 327.00 | 550.00 | 877.00 | OK | |
| r-oldrel-macos-arm64 | 22.0.0 | 1560.00 | 62.00 | 1622.00 | NOTE | |
| r-oldrel-macos-x86_64 | 22.0.0 | 1803.00 | OK | |||
| r-oldrel-windows-x86_64 | 21.0.0.1 | 593.00 | 829.00 | 1422.00 | NOTE |
Version: 22.0.0
Check: installed package size
Result: NOTE
installed size is 130.3Mb
sub-directories of 1Mb or more:
R 5.1Mb
libs 124.6Mb
Flavor: r-oldrel-macos-arm64
Version: 21.0.0.1
Check: installed package size
Result: NOTE
installed size is 48.1Mb
sub-directories of 1Mb or more:
R 4.4Mb
libs 43.0Mb
Flavor: r-oldrel-windows-x86_64