Last updated on 2025-10-31 00:50:57 CET.
| Flavor | Version | Tinstall | Tcheck | Ttotal | Status | Flags | 
|---|---|---|---|---|---|---|
| r-devel-linux-x86_64-debian-clang | 0.3.2 | 25.70 | 41.20 | 66.90 | NOTE | |
| r-devel-linux-x86_64-debian-gcc | 0.3.2 | 18.92 | 31.97 | 50.89 | NOTE | |
| r-devel-linux-x86_64-fedora-clang | 0.3.2 | 38.00 | 77.77 | 115.77 | NOTE | |
| r-devel-linux-x86_64-fedora-gcc | 0.3.2 | 104.00 | 30.37 | 134.37 | NOTE | |
| r-devel-windows-x86_64 | 0.3.2 | 59.00 | 99.00 | 158.00 | NOTE | |
| r-patched-linux-x86_64 | 0.3.2 | 25.05 | 38.41 | 63.46 | OK | |
| r-release-linux-x86_64 | 0.3.2 | 25.81 | 38.88 | 64.69 | OK | |
| r-release-macos-arm64 | 0.3.2 | 18.00 | 34.00 | 52.00 | OK | |
| r-release-macos-x86_64 | 0.3.2 | 22.00 | 58.00 | 80.00 | OK | |
| r-release-windows-x86_64 | 0.3.2 | 65.00 | 107.00 | 172.00 | NOTE | |
| r-oldrel-macos-arm64 | 0.3.2 | 16.00 | 64.00 | 80.00 | NOTE | |
| r-oldrel-macos-x86_64 | 0.3.2 | 23.00 | 126.00 | 149.00 | NOTE | |
| r-oldrel-windows-x86_64 | 0.3.2 | 34.00 | 130.00 | 164.00 | OK | 
Version: 0.3.2
Check: Rd files
Result: NOTE
  checkRd: (-1) sim_patterns.Rd:15-21: Only 3 columns allowed in this table (row 1 has 2)
  checkRd: (-1) sim_patterns.Rd:15-21: Only 3 columns allowed in this table (row 2 has 2)
  checkRd: (-1) sim_patterns.Rd:15-21: Only 3 columns allowed in this table (row 3 has 2)
  checkRd: (-1) sim_patterns.Rd:15-21: Only 3 columns allowed in this table (row 4 has 2)
  checkRd: (-1) sim_patterns.Rd:15-21: Only 3 columns allowed in this table (row 5 has 2)
Flavors: r-devel-linux-x86_64-debian-clang, r-devel-linux-x86_64-debian-gcc, r-devel-linux-x86_64-fedora-clang, r-devel-linux-x86_64-fedora-gcc
Version: 0.3.2
Check: compiled code
Result: NOTE
  File 'apcf/libs/x64/apcf.dll':
    Found '_ZSt4cerr', possibly from 'std::cerr' (C++)
      Objects: '../windows/geos-3.10.2/lib-4.9.3/x64/libgeos.a',
        '../windows/geos-3.10.2/lib-8.3.0/x64/libgeos.a',
        '../windows/geos-3.10.2/lib/x64/libgeos.a'
  
  Compiled code should not call entry points which might terminate R nor
  write to stdout/stderr instead of to the console, nor use Fortran I/O
  nor system RNGs nor [v]sprintf.
  
  See 'Writing portable packages' in the 'Writing R Extensions' manual.
Flavors: r-devel-windows-x86_64, r-release-windows-x86_64
Version: 0.3.2
Check: installed package size
Result: NOTE
    installed size is  5.7Mb
    sub-directories of 1Mb or more:
      libs   5.2Mb
Flavors: r-oldrel-macos-arm64, r-oldrel-macos-x86_64