Last updated on 2025-10-31 00:50:57 CET.
| Flavor | Version | Tinstall | Tcheck | Ttotal | Status | Flags | 
|---|---|---|---|---|---|---|
| r-devel-linux-x86_64-debian-clang | 0.8.10-1 | 13.62 | 340.00 | 353.62 | OK | |
| r-devel-linux-x86_64-debian-gcc | 0.8.10-1 | 8.94 | 220.66 | 229.60 | OK | |
| r-devel-linux-x86_64-fedora-clang | 0.8.10-1 | 27.00 | 578.41 | 605.41 | OK | |
| r-devel-linux-x86_64-fedora-gcc | 0.8.10-1 | 30.00 | 332.30 | 362.30 | ERROR | |
| r-devel-windows-x86_64 | 0.8.10-1 | 21.00 | 301.00 | 322.00 | OK | |
| r-patched-linux-x86_64 | 0.8.10-1 | 13.79 | 333.00 | 346.79 | OK | |
| r-release-linux-x86_64 | 0.8.10-1 | 11.12 | 334.15 | 345.27 | OK | |
| r-release-macos-arm64 | 0.8.10-1 | 8.00 | 154.00 | 162.00 | OK | |
| r-release-macos-x86_64 | 0.8.10-1 | 11.00 | 323.00 | 334.00 | OK | |
| r-release-windows-x86_64 | 0.8.10-1 | 21.00 | 300.00 | 321.00 | OK | |
| r-oldrel-macos-arm64 | 0.8.10-1 | 6.00 | 211.00 | 217.00 | NOTE | |
| r-oldrel-macos-x86_64 | 0.8.10-1 | 12.00 | 287.00 | 299.00 | NOTE | |
| r-oldrel-windows-x86_64 | 0.8.10-1 | 24.00 | 411.00 | 435.00 | NOTE | 
Version: 0.8.10-1
Check: tests
Result: ERROR
    Running ‘tinytest.R’
  Running the tests in ‘tests/tinytest.R’ failed.
  Complete output:
    > 
    > if ( requireNamespace("tinytest", quietly=TRUE) ){
    +   library(tinytest)
    +   library(anticlust)
    +   tinytest::test_package("anticlust")
    + }
    
    test-2pml.R...................    0 tests    
    test-2pml.R...................    0 tests    
    test-2pml.R...................    0 tests    
    test-2pml.R...................    0 tests    
    test-2pml.R...................    0 tests    
    test-2pml.R...................    0 tests    
    test-2pml.R...................    1 tests <1b>[0;32mOK<1b>[0m 
    test-2pml.R...................    2 tests <1b>[0;32mOK<1b>[0m 
    test-2pml.R...................    3 tests <1b>[0;32mOK<1b>[0m 
    test-2pml.R...................    4 tests <1b>[0;32mOK<1b>[0m 
    test-2pml.R...................    4 tests <1b>[0;32mOK<1b>[0m 
    test-2pml.R...................    4 tests <1b>[0;32mOK<1b>[0m 
    test-2pml.R...................    5 tests <1b>[0;32mOK<1b>[0m 
    test-2pml.R...................    5 tests <1b>[0;32mOK<1b>[0m 
    test-2pml.R...................    6 tests <1b>[0;32mOK<1b>[0m 
    test-2pml.R...................    7 tests <1b>[0;32mOK<1b>[0m 
    test-2pml.R...................    7 tests <1b>[0;32mOK<1b>[0m 
    test-2pml.R...................    7 tests <1b>[0;32mOK<1b>[0m 
    test-2pml.R...................    8 tests <1b>[0;32mOK<1b>[0m 
    test-2pml.R...................    9 tests <1b>[0;32mOK<1b>[0m 
    test-2pml.R...................   10 tests <1b>[0;32mOK<1b>[0m 
    test-2pml.R...................   10 tests <1b>[0;32mOK<1b>[0m 
    test-2pml.R...................   10 tests <1b>[0;32mOK<1b>[0m 
    test-2pml.R...................   10 tests <1b>[0;32mOK<1b>[0m 
    test-2pml.R...................   11 tests <1b>[0;32mOK<1b>[0m 
    test-2pml.R...................   12 tests <1b>[0;32mOK<1b>[0m 
    test-2pml.R...................   13 tests <1b>[0;32mOK<1b>[0m 
    test-2pml.R...................   13 tests <1b>[0;32mOK<1b>[0m 
    test-2pml.R...................   13 tests <1b>[0;32mOK<1b>[0m 
    test-2pml.R...................   13 tests <1b>[0;32mOK<1b>[0m 
    test-2pml.R...................   13 tests <1b>[0;32mOK<1b>[0m 
    test-2pml.R...................   13 tests <1b>[0;32mOK<1b>[0m 
    test-2pml.R...................   14 tests <1b>[0;32mOK<1b>[0m 
    test-2pml.R...................   15 tests <1b>[0;32mOK<1b>[0m 
    test-2pml.R...................   15 tests <1b>[0;32mOK<1b>[0m 
    test-2pml.R...................   15 tests <1b>[0;32mOK<1b>[0m 
    test-2pml.R...................   15 tests <1b>[0;32mOK<1b>[0m 
    test-2pml.R...................   15 tests <1b>[0;32mOK<1b>[0m 
    test-2pml.R...................   15 tests <1b>[0;32mOK<1b>[0m 
    test-2pml.R...................   16 tests <1b>[0;32mOK<1b>[0m 
    test-2pml.R...................   17 tests <1b>[0;32mOK<1b>[0m 
    test-2pml.R...................   17 tests <1b>[0;32mOK<1b>[0m 
    test-2pml.R...................   17 tests <1b>[0;32mOK<1b>[0m 
    test-2pml.R...................   17 tests <1b>[0;32mOK<1b>[0m 
    test-2pml.R...................   17 tests <1b>[0;32mOK<1b>[0m 
    test-2pml.R...................   17 tests <1b>[0;32mOK<1b>[0m 
    test-2pml.R...................   18 tests <1b>[0;32mOK<1b>[0m 
    test-2pml.R...................   18 tests <1b>[0;32mOK<1b>[0m 
    test-2pml.R...................   18 tests <1b>[0;32mOK<1b>[0m 
    test-2pml.R...................   18 tests <1b>[0;32mOK<1b>[0m 
    test-2pml.R...................   18 tests <1b>[0;32mOK<1b>[0m Error in init_must_link_groups(N, IDs_initial = must_link, IDs_reduced = dt$IDs,  : 
      The must-link constraints cannot be fulfilled! I really tried.
    Calls: <Anonymous> ... anticlustering -> must_link_anticlustering -> init_must_link_groups
    Execution halted
Flavor: r-devel-linux-x86_64-fedora-gcc
Version: 0.8.10-1
Check: package dependencies
Result: NOTE
  Package suggested but not available for checking: ‘gurobi’
Flavors: r-oldrel-macos-arm64, r-oldrel-macos-x86_64, r-oldrel-windows-x86_64