Last updated on 2025-10-31 00:50:57 CET.
| Flavor | Version | Tinstall | Tcheck | Ttotal | Status | Flags | 
|---|---|---|---|---|---|---|
| r-devel-linux-x86_64-debian-clang | 0.2.1 | 5.44 | 32.20 | 37.64 | NOTE | |
| r-devel-linux-x86_64-debian-gcc | 0.2.1 | 3.21 | 23.53 | 26.74 | NOTE | |
| r-devel-linux-x86_64-fedora-clang | 0.2.1 | 29.00 | 31.49 | 60.49 | OK | |
| r-devel-linux-x86_64-fedora-gcc | 0.2.1 | 18.00 | 39.07 | 57.07 | OK | |
| r-devel-windows-x86_64 | 0.2.1 | 6.00 | 49.00 | 55.00 | OK | |
| r-patched-linux-x86_64 | 0.2.1 | 5.49 | 30.01 | 35.50 | OK | |
| r-release-linux-x86_64 | 0.2.1 | 3.77 | 30.16 | 33.93 | OK | |
| r-release-macos-arm64 | 0.2.1 | 3.00 | 18.00 | 21.00 | OK | |
| r-release-macos-x86_64 | 0.2.1 | 7.00 | 43.00 | 50.00 | OK | |
| r-release-windows-x86_64 | 0.2.1 | 7.00 | 52.00 | 59.00 | OK | |
| r-oldrel-macos-arm64 | 0.2.1 | 2.00 | 17.00 | 19.00 | NOTE | |
| r-oldrel-macos-x86_64 | 0.2.1 | 6.00 | 36.00 | 42.00 | NOTE | |
| r-oldrel-windows-x86_64 | 0.2.1 | 9.00 | 58.00 | 67.00 | NOTE | 
Version: 0.2.1
Check: CRAN incoming feasibility
Result: NOTE
  Maintainer: ‘Mahdi Teimouri <teimouri@aut.ac.ir>’
  
  No Authors@R field in DESCRIPTION.
  Please add one, modifying
    Authors@R: c(person(given = "Mahdi",
                        family = "Teimouri",
                        role = c("aut", "cre"),
                        email = "teimouri@aut.ac.ir"),
                 person(given = "Adel",
                        family = "Mohammadpour",
                        role = "aut"),
                 person(given = "Saralees",
                        family = "Nadarajah",
                        role = "aut"))
  as necessary.
Flavors: r-devel-linux-x86_64-debian-clang, r-devel-linux-x86_64-debian-gcc
Version: 0.2.1
Check: LazyData
Result: NOTE
    'LazyData' is specified without a 'data' directory
Flavors: r-oldrel-macos-arm64, r-oldrel-macos-x86_64, r-oldrel-windows-x86_64