Last updated on 2025-02-22 00:49:38 CET.
Flavor | Version | Tinstall | Tcheck | Ttotal | Status | Flags |
---|---|---|---|---|---|---|
r-devel-linux-x86_64-debian-clang | 0.2.3 | 9.10 | 144.97 | 154.07 | NOTE | |
r-devel-linux-x86_64-debian-gcc | 0.2.3 | 6.62 | 101.39 | 108.01 | NOTE | |
r-devel-linux-x86_64-fedora-clang | 0.2.3 | 234.77 | NOTE | |||
r-devel-linux-x86_64-fedora-gcc | 0.2.3 | 258.05 | NOTE | |||
r-devel-macos-arm64 | 0.2.3 | 80.00 | NOTE | |||
r-devel-macos-x86_64 | 0.2.3 | 162.00 | NOTE | |||
r-devel-windows-x86_64 | 0.2.3 | 11.00 | 160.00 | 171.00 | NOTE | |
r-patched-linux-x86_64 | 0.2.3 | 8.19 | 131.37 | 139.56 | NOTE | |
r-release-linux-x86_64 | 0.2.3 | 8.22 | 131.04 | 139.26 | NOTE | |
r-release-macos-arm64 | 0.2.3 | 71.00 | NOTE | |||
r-release-macos-x86_64 | 0.2.3 | 112.00 | NOTE | |||
r-release-windows-x86_64 | 0.2.3 | 11.00 | 154.00 | 165.00 | NOTE | |
r-oldrel-macos-arm64 | 0.2.3 | 81.00 | OK | |||
r-oldrel-macos-x86_64 | 0.2.3 | 148.00 | OK | |||
r-oldrel-windows-x86_64 | 0.2.3 | 13.00 | 210.00 | 223.00 | OK |
Version: 0.2.3
Check: Rd files
Result: NOTE
checkRd: (-1) allestimates.Rd:25: Lost braces in \itemize; meant \describe ?
checkRd: (-1) allestimates.Rd:26: Lost braces in \itemize; meant \describe ?
checkRd: (-1) allestimates.Rd:27: Lost braces in \itemize; meant \describe ?
checkRd: (-1) allestimates.Rd:28: Lost braces in \itemize; meant \describe ?
Flavors: r-devel-linux-x86_64-debian-clang, r-devel-linux-x86_64-debian-gcc, r-devel-linux-x86_64-fedora-clang, r-devel-linux-x86_64-fedora-gcc, r-devel-macos-arm64, r-devel-macos-x86_64, r-devel-windows-x86_64, r-patched-linux-x86_64, r-release-linux-x86_64, r-release-macos-arm64, r-release-macos-x86_64, r-release-windows-x86_64