Last updated on 2025-10-31 00:50:57 CET.
| Flavor | Version | Tinstall | Tcheck | Ttotal | Status | Flags | 
|---|---|---|---|---|---|---|
| r-devel-linux-x86_64-debian-clang | 1.0.2 | 2.67 | 398.76 | 401.43 | NOTE | |
| r-devel-linux-x86_64-debian-gcc | 1.0.2 | 2.13 | 277.10 | 279.23 | NOTE | |
| r-devel-linux-x86_64-fedora-clang | 1.0.2 | 591.54 | NOTE | |||
| r-devel-linux-x86_64-fedora-gcc | 1.0.2 | 661.35 | NOTE | |||
| r-devel-windows-x86_64 | 1.0.2 | 5.00 | 488.00 | 493.00 | NOTE | |
| r-patched-linux-x86_64 | 1.0.2 | 2.92 | 404.44 | 407.36 | NOTE | |
| r-release-linux-x86_64 | 1.0.2 | 2.52 | 402.87 | 405.39 | NOTE | |
| r-release-macos-arm64 | 1.0.2 | 1.00 | 165.00 | 166.00 | NOTE | |
| r-release-macos-x86_64 | 1.0.2 | 3.00 | 481.00 | 484.00 | NOTE | |
| r-release-windows-x86_64 | 1.0.2 | 6.00 | 469.00 | 475.00 | NOTE | |
| r-oldrel-macos-arm64 | 1.0.2 | 1.00 | 160.00 | 161.00 | OK | |
| r-oldrel-macos-x86_64 | 1.0.2 | 4.00 | 466.00 | 470.00 | OK | |
| r-oldrel-windows-x86_64 | 1.0.2 | 6.00 | 502.00 | 508.00 | OK | 
Version: 1.0.2
Check: DESCRIPTION meta-information
Result: NOTE
    Missing dependency on R >= 4.1.0 because package code uses the pipe
    |> or function shorthand \(...) syntax added in R 4.1.0.
    File(s) using such syntax:
      ‘lambda_functions.R’ ‘likelihood-space.R’ ‘snc.R’
Flavors: r-devel-linux-x86_64-debian-clang, r-devel-linux-x86_64-debian-gcc, r-devel-linux-x86_64-fedora-clang, r-devel-linux-x86_64-fedora-gcc, r-devel-windows-x86_64, r-patched-linux-x86_64, r-release-linux-x86_64, r-release-macos-arm64, r-release-macos-x86_64, r-release-windows-x86_64