Last updated on 2025-02-22 00:49:38 CET.
Flavor | Version | Tinstall | Tcheck | Ttotal | Status | Flags |
---|---|---|---|---|---|---|
r-devel-linux-x86_64-debian-clang | 0.1.2 | 20.92 | 166.05 | 186.97 | OK | |
r-devel-linux-x86_64-debian-gcc | 0.1.2 | 13.93 | 117.20 | 131.13 | OK | |
r-devel-linux-x86_64-fedora-clang | 0.1.2 | 293.03 | OK | |||
r-devel-linux-x86_64-fedora-gcc | 0.1.2 | 288.94 | OK | |||
r-devel-macos-arm64 | 0.1.2 | 5.00 | ERROR | |||
r-devel-macos-x86_64 | 0.1.2 | 207.00 | OK | |||
r-devel-windows-x86_64 | 0.1.2 | 21.00 | 141.00 | 162.00 | OK | |
r-patched-linux-x86_64 | 0.1.2 | 19.44 | 154.62 | 174.06 | NOTE | |
r-release-linux-x86_64 | 0.1.2 | 17.54 | 154.79 | 172.33 | NOTE | |
r-release-macos-arm64 | 0.1.2 | 74.00 | NOTE | |||
r-release-macos-x86_64 | 0.1.2 | 118.00 | NOTE | |||
r-release-windows-x86_64 | 0.1.2 | 20.00 | 136.00 | 156.00 | NOTE | |
r-oldrel-macos-arm64 | 0.1.2 | 78.00 | NOTE | |||
r-oldrel-macos-x86_64 | 0.1.2 | 129.00 | NOTE | |||
r-oldrel-windows-x86_64 | 0.1.2 | 25.00 | 174.00 | 199.00 | NOTE |
Version: 0.1.2
Check: package dependencies
Result: ERROR
Package required but not available: ‘org.Hs.eg.db’
See section ‘The DESCRIPTION file’ in the ‘Writing R Extensions’
manual.
Flavor: r-devel-macos-arm64
Version: 0.1.2
Check: LazyData
Result: NOTE
'LazyData' is specified without a 'data' directory
Flavors: r-patched-linux-x86_64, r-release-linux-x86_64, r-release-macos-arm64, r-release-macos-x86_64, r-release-windows-x86_64, r-oldrel-macos-arm64, r-oldrel-macos-x86_64, r-oldrel-windows-x86_64