Last updated on 2025-10-31 00:50:57 CET.
| Flavor | Version | Tinstall | Tcheck | Ttotal | Status | Flags | 
|---|---|---|---|---|---|---|
| r-devel-linux-x86_64-debian-clang | 1.2.1 | 2.98 | 35.00 | 37.98 | NOTE | |
| r-devel-linux-x86_64-debian-gcc | 1.2.1 | 2.30 | 27.92 | 30.22 | NOTE | |
| r-devel-linux-x86_64-fedora-clang | 1.2.1 | 56.32 | OK | |||
| r-devel-linux-x86_64-fedora-gcc | 1.2.1 | 67.10 | OK | |||
| r-devel-windows-x86_64 | 1.2.1 | 5.00 | 66.00 | 71.00 | OK | |
| r-patched-linux-x86_64 | 1.2.1 | 2.73 | 32.31 | 35.04 | OK | |
| r-release-linux-x86_64 | 1.2.1 | 2.57 | 32.28 | 34.85 | OK | |
| r-release-macos-arm64 | 1.2.1 | 2.00 | 33.00 | 35.00 | OK | |
| r-release-macos-x86_64 | 1.2.1 | 3.00 | 48.00 | 51.00 | OK | |
| r-release-windows-x86_64 | 1.2.1 | 4.00 | 68.00 | 72.00 | OK | |
| r-oldrel-macos-arm64 | 1.2.1 | 1.00 | 26.00 | 27.00 | NOTE | |
| r-oldrel-macos-x86_64 | 1.2.1 | 2.00 | 35.00 | 37.00 | NOTE | |
| r-oldrel-windows-x86_64 | 1.2.1 | 6.00 | 76.00 | 82.00 | NOTE | 
Version: 1.2.1
Check: CRAN incoming feasibility
Result: NOTE
  Maintainer: ‘Roy Wetherall <rwetherall@gmail.com>’
  
  No Authors@R field in DESCRIPTION.
  Please add one, modifying
    Authors@R: person(given = "Roy",
                      family = "Wetherall",
                      role = c("aut", "cre"),
                      email = "rwetherall@gmail.com")
  as necessary.
Flavors: r-devel-linux-x86_64-debian-clang, r-devel-linux-x86_64-debian-gcc
Version: 1.2.1
Check: LazyData
Result: NOTE
    'LazyData' is specified without a 'data' directory
Flavors: r-oldrel-macos-arm64, r-oldrel-macos-x86_64, r-oldrel-windows-x86_64