Last updated on 2025-10-31 00:50:57 CET.
| Flavor | Version | Tinstall | Tcheck | Ttotal | Status | Flags | 
|---|---|---|---|---|---|---|
| r-devel-linux-x86_64-debian-clang | 1.3.1 | 1.82 | 24.99 | 26.81 | NOTE | |
| r-devel-linux-x86_64-debian-gcc | 1.3.1 | 1.41 | 19.21 | 20.62 | NOTE | |
| r-devel-linux-x86_64-fedora-clang | 1.3.1 | 39.83 | OK | |||
| r-devel-linux-x86_64-fedora-gcc | 1.3.1 | 38.13 | OK | |||
| r-devel-windows-x86_64 | 1.3.1 | 3.00 | 44.00 | 47.00 | OK | |
| r-patched-linux-x86_64 | 1.3.1 | 1.94 | 23.21 | 25.15 | OK | |
| r-release-linux-x86_64 | 1.3.1 | 1.79 | 23.21 | 25.00 | OK | |
| r-release-macos-arm64 | 1.3.1 | 1.00 | 17.00 | 18.00 | OK | |
| r-release-macos-x86_64 | 1.3.1 | 4.00 | 45.00 | 49.00 | OK | |
| r-release-windows-x86_64 | 1.3.1 | 3.00 | 49.00 | 52.00 | OK | |
| r-oldrel-macos-arm64 | 1.3.1 | 1.00 | 22.00 | 23.00 | OK | |
| r-oldrel-macos-x86_64 | 1.3.1 | 2.00 | 36.00 | 38.00 | OK | |
| r-oldrel-windows-x86_64 | 1.3.1 | 3.00 | 45.00 | 48.00 | OK | 
Version: 1.3.1
Check: CRAN incoming feasibility
Result: NOTE
  Maintainer: ‘Christian E. Galarza <cgalarza88@gmail.com>’
  
  No Authors@R field in DESCRIPTION.
  Please add one, modifying
    Authors@R: c(person(given = c("Christian", "E."),
                        family = "Galarza",
                        role = c("aut", "cre"),
                        email = "cgalarza88@gmail.com"),
                 person(given = c("Victor", "H."),
                        family = "Lachos",
                        role = "aut",
                        email = "hlachos@ime.unicamp.br"))
  as necessary.
Flavors: r-devel-linux-x86_64-debian-clang, r-devel-linux-x86_64-debian-gcc