Last updated on 2024-08-25 02:48:15 CEST.
Flavor | Version | Tinstall | Tcheck | Ttotal | Status | Flags |
---|---|---|---|---|---|---|
r-devel-linux-x86_64-debian-clang | 1.1.1 | 4.55 | 63.31 | 67.86 | NOTE | |
r-devel-linux-x86_64-debian-gcc | 1.1.1 | 3.32 | 47.31 | 50.63 | NOTE | |
r-devel-linux-x86_64-fedora-clang | 1.1.1 | 114.88 | NOTE | |||
r-devel-linux-x86_64-fedora-gcc | 1.1.1 | 125.66 | NOTE | |||
r-devel-windows-x86_64 | 1.1.1 | 6.00 | 83.00 | 89.00 | NOTE | |
r-patched-linux-x86_64 | 1.1.1 | 4.73 | 60.92 | 65.65 | NOTE | |
r-release-linux-x86_64 | 1.1.1 | 4.71 | 60.53 | 65.24 | NOTE | |
r-release-macos-arm64 | 1.1.1 | 40.00 | NOTE | |||
r-release-macos-x86_64 | 1.1.1 | 60.00 | NOTE | |||
r-release-windows-x86_64 | 1.1.1 | 6.00 | 250.00 | 256.00 | NOTE | |
r-oldrel-macos-arm64 | 1.1.1 | 41.00 | NOTE | |||
r-oldrel-macos-x86_64 | 1.1.1 | 63.00 | NOTE | |||
r-oldrel-windows-x86_64 | 1.1.1 | 8.00 | 93.00 | 101.00 | NOTE |
Version: 1.1.1
Check: package subdirectories
Result: NOTE
Problems with news in ‘NEWS.md’:
No news entries found.
Flavors: r-devel-linux-x86_64-debian-clang, r-devel-linux-x86_64-debian-gcc, r-devel-linux-x86_64-fedora-clang, r-devel-linux-x86_64-fedora-gcc, r-devel-windows-x86_64, r-patched-linux-x86_64, r-release-linux-x86_64, r-release-macos-arm64, r-release-macos-x86_64, r-release-windows-x86_64, r-oldrel-macos-arm64, r-oldrel-macos-x86_64, r-oldrel-windows-x86_64