Last updated on 2025-10-31 00:50:57 CET.
| Flavor | Version | Tinstall | Tcheck | Ttotal | Status | Flags | 
|---|---|---|---|---|---|---|
| r-devel-linux-x86_64-debian-clang | 1.2 | 13.52 | 337.73 | 351.25 | NOTE | |
| r-devel-linux-x86_64-debian-gcc | 1.2 | 10.59 | 270.40 | 280.99 | NOTE | |
| r-devel-linux-x86_64-fedora-clang | 1.2 | 30.00 | 550.29 | 580.29 | OK | |
| r-devel-linux-x86_64-fedora-gcc | 1.2 | 25.00 | 526.70 | 551.70 | OK | |
| r-devel-windows-x86_64 | 1.2 | 14.00 | 136.00 | 150.00 | OK | --no-vignettes | 
| r-patched-linux-x86_64 | 1.2 | 11.27 | 321.96 | 333.23 | OK | |
| r-release-linux-x86_64 | 1.2 | 10.77 | 324.10 | 334.87 | OK | |
| r-release-macos-arm64 | 1.2 | 6.00 | 164.00 | 170.00 | OK | |
| r-release-macos-x86_64 | 1.2 | 11.00 | 423.00 | 434.00 | OK | |
| r-release-windows-x86_64 | 1.2 | 14.00 | 137.00 | 151.00 | OK | --no-vignettes | 
| r-oldrel-macos-arm64 | 1.2 | 5.00 | 158.00 | 163.00 | NOTE | |
| r-oldrel-macos-x86_64 | 1.2 | 8.00 | 244.00 | 252.00 | NOTE | |
| r-oldrel-windows-x86_64 | 1.2 | 20.00 | 161.00 | 181.00 | NOTE | --no-vignettes | 
Version: 1.2
Check: CRAN incoming feasibility
Result: NOTE
  Maintainer: ‘Marta Karas <marta.karass@gmail.com>’
  
  Package CITATION file contains call(s) to old-style citEntry().  Please
  use bibentry() instead.
Flavors: r-devel-linux-x86_64-debian-clang, r-devel-linux-x86_64-debian-gcc
Version: 1.2
Check: installed package size
Result: NOTE
    installed size is  5.1Mb
    sub-directories of 1Mb or more:
      doc   4.7Mb
Flavors: r-oldrel-macos-arm64, r-oldrel-macos-x86_64
Version: 1.2
Check: LazyData
Result: NOTE
    'LazyData' is specified without a 'data' directory
Flavors: r-oldrel-macos-arm64, r-oldrel-macos-x86_64
Version: 1.2
Flags: --no-vignettes
Check: installed package size
Result: NOTE
    installed size is  5.1Mb
    sub-directories of 1Mb or more:
      doc   4.7Mb
Flavor: r-oldrel-windows-x86_64
Version: 1.2
Flags: --no-vignettes
Check: LazyData
Result: NOTE
    'LazyData' is specified without a 'data' directory
Flavor: r-oldrel-windows-x86_64