Last updated on 2025-11-01 00:49:52 CET.
| Flavor | Version | Tinstall | Tcheck | Ttotal | Status | Flags |
|---|---|---|---|---|---|---|
| r-devel-linux-x86_64-debian-clang | 1.0-22 | 29.67 | 336.20 | 365.87 | OK | |
| r-devel-linux-x86_64-debian-gcc | 1.0-22 | 17.30 | 223.32 | 240.62 | OK | |
| r-devel-linux-x86_64-fedora-clang | 1.0-22 | 59.00 | 491.22 | 550.22 | OK | |
| r-devel-linux-x86_64-fedora-gcc | 1.0-22 | 64.00 | 484.02 | 548.02 | OK | |
| r-devel-windows-x86_64 | 1.0-22 | 28.00 | 304.00 | 332.00 | OK | |
| r-patched-linux-x86_64 | 1.0-22 | 31.47 | 317.64 | 349.11 | OK | |
| r-release-linux-x86_64 | 1.0-22 | 29.28 | 313.85 | 343.13 | OK | |
| r-release-macos-arm64 | 1.0-22 | 11.00 | 143.00 | 154.00 | OK | |
| r-release-macos-x86_64 | 1.0-22 | 44.00 | 329.00 | 373.00 | OK | |
| r-release-windows-x86_64 | 1.0-22 | 30.00 | 305.00 | 335.00 | OK | |
| r-oldrel-macos-arm64 | 1.0-22 | 13.00 | 141.00 | 154.00 | NOTE | |
| r-oldrel-macos-x86_64 | 1.0-22 | 51.00 | 323.00 | 374.00 | NOTE | |
| r-oldrel-windows-x86_64 | 1.0-22 | 43.00 | 411.00 | 454.00 | OK |
Version: 1.0-22
Check: installed package size
Result: NOTE
installed size is 5.3Mb
sub-directories of 1Mb or more:
R 2.1Mb
doc 2.7Mb
Flavors: r-oldrel-macos-arm64, r-oldrel-macos-x86_64