Last updated on 2024-07-22 01:49:16 CEST.
Flavor | Version | Tinstall | Tcheck | Ttotal | Status | Flags |
---|---|---|---|---|---|---|
r-devel-linux-x86_64-debian-clang | 3.0 | 10.55 | 107.08 | 117.63 | NOTE | |
r-devel-linux-x86_64-debian-gcc | 3.0 | 9.89 | 79.32 | 89.21 | NOTE | |
r-devel-linux-x86_64-fedora-clang | 3.0 | 142.75 | NOTE | |||
r-devel-linux-x86_64-fedora-gcc | 3.0 | 135.03 | NOTE | |||
r-devel-windows-x86_64 | 3.0 | 11.00 | 98.00 | 109.00 | NOTE | |
r-patched-linux-x86_64 | 3.0 | 10.69 | 102.87 | 113.56 | NOTE | |
r-release-linux-x86_64 | 3.0 | 11.77 | 102.37 | 114.14 | NOTE | |
r-release-macos-arm64 | 3.0 | 39.00 | NOTE | |||
r-release-macos-x86_64 | 3.0 | 70.00 | NOTE | |||
r-release-windows-x86_64 | 3.0 | 11.00 | 96.00 | 107.00 | NOTE | |
r-oldrel-macos-arm64 | 3.0 | 46.00 | NOTE | |||
r-oldrel-macos-x86_64 | 3.0 | 72.00 | NOTE | |||
r-oldrel-windows-x86_64 | 3.0 | 14.00 | 112.00 | 126.00 | NOTE |
Version: 3.0
Check: LazyData
Result: NOTE
'LazyData' is specified without a 'data' directory
Flavors: r-devel-linux-x86_64-debian-clang, r-devel-linux-x86_64-debian-gcc, r-devel-linux-x86_64-fedora-clang, r-devel-linux-x86_64-fedora-gcc, r-devel-windows-x86_64, r-patched-linux-x86_64, r-release-linux-x86_64, r-release-macos-arm64, r-release-macos-x86_64, r-release-windows-x86_64, r-oldrel-macos-arm64, r-oldrel-macos-x86_64, r-oldrel-windows-x86_64