Last updated on 2025-10-31 00:50:57 CET.
| Flavor | Version | Tinstall | Tcheck | Ttotal | Status | Flags | 
|---|---|---|---|---|---|---|
| r-devel-linux-x86_64-debian-clang | 1.1-4.2 | 1.81 | 29.20 | 31.01 | NOTE | |
| r-devel-linux-x86_64-debian-gcc | 1.1-4.2 | 1.58 | 22.79 | 24.37 | NOTE | |
| r-devel-linux-x86_64-fedora-clang | 1.1-4.2 | 45.58 | OK | |||
| r-devel-linux-x86_64-fedora-gcc | 1.1-4.2 | 72.69 | OK | |||
| r-devel-windows-x86_64 | 1.1-4.2 | 3.00 | 46.00 | 49.00 | OK | |
| r-patched-linux-x86_64 | 1.1-4.2 | 2.22 | 26.88 | 29.10 | OK | |
| r-release-linux-x86_64 | 1.1-4.2 | 1.83 | 26.62 | 28.45 | OK | |
| r-release-macos-arm64 | 1.1-4.2 | 1.00 | 25.00 | 26.00 | OK | |
| r-release-macos-x86_64 | 1.1-4.2 | 2.00 | 49.00 | 51.00 | OK | |
| r-release-windows-x86_64 | 1.1-4.2 | 6.00 | 48.00 | 54.00 | OK | |
| r-oldrel-macos-arm64 | 1.1-4.2 | 1.00 | 29.00 | 30.00 | OK | |
| r-oldrel-macos-x86_64 | 1.1-4.2 | 2.00 | 36.00 | 38.00 | OK | |
| r-oldrel-windows-x86_64 | 1.1-4.2 | 5.00 | 58.00 | 63.00 | OK | 
Version: 1.1-4.2
Check: CRAN incoming feasibility
Result: NOTE
  Maintainer: ‘Petr Simecek <simecek@gmail.com>’
  
  No Authors@R field in DESCRIPTION.
  Please add one, modifying
    Authors@R: c(person(given = "Marie",
                        family = "Simeckova",
                        role = "aut"),
                 person(given = "Thomas",
                        family = "Rusch",
                        role = "aut"),
                 person(given = "Petr",
                        family = "Simecek",
                        role = "cre",
                        email = "simecek@gmail.com"))
  as necessary.
Flavors: r-devel-linux-x86_64-debian-clang, r-devel-linux-x86_64-debian-gcc