Last updated on 2025-10-31 00:50:57 CET.
| Flavor | Version | Tinstall | Tcheck | Ttotal | Status | Flags | 
|---|---|---|---|---|---|---|
| r-devel-linux-x86_64-debian-clang | 1.0.0 | 1.64 | 44.92 | 46.56 | NOTE | |
| r-devel-linux-x86_64-debian-gcc | 1.0.0 | 1.33 | 33.28 | 34.61 | NOTE | |
| r-devel-linux-x86_64-fedora-clang | 1.0.0 | 69.13 | OK | |||
| r-devel-linux-x86_64-fedora-gcc | 1.0.0 | 81.93 | OK | |||
| r-devel-windows-x86_64 | 1.0.0 | 4.00 | 63.00 | 67.00 | OK | |
| r-patched-linux-x86_64 | 1.0.0 | 1.43 | 43.40 | 44.83 | OK | |
| r-release-linux-x86_64 | 1.0.0 | 1.60 | 43.58 | 45.18 | OK | |
| r-release-macos-arm64 | 1.0.0 | 1.00 | 33.00 | 34.00 | OK | |
| r-release-macos-x86_64 | 1.0.0 | 2.00 | 61.00 | 63.00 | OK | |
| r-release-windows-x86_64 | 1.0.0 | 3.00 | 65.00 | 68.00 | OK | |
| r-oldrel-macos-arm64 | 1.0.0 | 1.00 | 38.00 | 39.00 | OK | |
| r-oldrel-macos-x86_64 | 1.0.0 | 1.00 | 46.00 | 47.00 | OK | |
| r-oldrel-windows-x86_64 | 1.0.0 | 5.00 | 76.00 | 81.00 | OK | 
Version: 1.0.0
Check: CRAN incoming feasibility
Result: NOTE
  Maintainer: ‘Morgane Pierre-Jean <morgane.pierrejean@genopole.cnrs.fr>’
  
  Package CITATION file contains call(s) to old-style personList() or
  as.personList().  Please use c() on person objects instead.
  Package CITATION file contains call(s) to old-style citEntry().  Please
  use bibentry() instead.
Flavors: r-devel-linux-x86_64-debian-clang, r-devel-linux-x86_64-debian-gcc