Last updated on 2025-10-31 00:50:56 CET.
| Flavor | Version | Tinstall | Tcheck | Ttotal | Status | Flags | 
|---|---|---|---|---|---|---|
| r-devel-linux-x86_64-debian-clang | 0.1.0 | 6.19 | 71.99 | 78.18 | NOTE | |
| r-devel-linux-x86_64-debian-gcc | 0.1.0 | 4.76 | 51.03 | 55.79 | NOTE | |
| r-devel-linux-x86_64-fedora-clang | 0.1.0 | 18.00 | 102.02 | 120.02 | OK | |
| r-devel-linux-x86_64-fedora-gcc | 0.1.0 | 14.00 | 117.01 | 131.01 | OK | |
| r-devel-windows-x86_64 | 0.1.0 | 9.00 | 82.00 | 91.00 | OK | |
| r-patched-linux-x86_64 | 0.1.0 | 6.75 | 67.80 | 74.55 | OK | |
| r-release-linux-x86_64 | 0.1.0 | 6.84 | 66.40 | 73.24 | OK | |
| r-release-macos-arm64 | 0.1.0 | 3.00 | 37.00 | 40.00 | OK | |
| r-release-macos-x86_64 | 0.1.0 | 5.00 | 62.00 | 67.00 | OK | |
| r-release-windows-x86_64 | 0.1.0 | 9.00 | 84.00 | 93.00 | OK | |
| r-oldrel-macos-arm64 | 0.1.0 | 3.00 | 33.00 | 36.00 | NOTE | |
| r-oldrel-macos-x86_64 | 0.1.0 | 4.00 | 55.00 | 59.00 | NOTE | |
| r-oldrel-windows-x86_64 | 0.1.0 | 12.00 | 103.00 | 115.00 | NOTE | 
Version: 0.1.0
Check: CRAN incoming feasibility
Result: NOTE
  Maintainer: ‘Matthew Kumar <mattkumar@gmail.com>’
  
  No Authors@R field in DESCRIPTION.
  Please add one, modifying
    Authors@R: person(given = "Matthew",
                      family = "Kumar",
                      role = c("aut", "cre"),
                      email = "mattkumar@gmail.com")
  as necessary.
Flavors: r-devel-linux-x86_64-debian-clang, r-devel-linux-x86_64-debian-gcc
Version: 0.1.0
Check: LazyData
Result: NOTE
    'LazyData' is specified without a 'data' directory
Flavors: r-oldrel-macos-arm64, r-oldrel-macos-x86_64, r-oldrel-windows-x86_64